{"version":"1.0","provider_name":"El jukebox","provider_url":"https:\/\/blogs.diariovasco.com\/eljukebox","author_name":"Alberto Moyano","author_url":"https:\/\/blogs.diariovasco.com\/eljukebox\/author\/amoyano_1462406400\/","title":"Hubiera sido mejor una denuncia que un anuncio - El jukebox","type":"rich","width":600,"height":338,"html":"<blockquote class=\"wp-embedded-content\" data-secret=\"6jyQDvNJBW\"><a href=\"https:\/\/blogs.diariovasco.com\/eljukebox\/2014\/03\/11\/hubiera-sido-mejor-una-denuncia-que-un-anuncio\/\">Hubiera sido mejor una denuncia que un anuncio<\/a><\/blockquote><iframe sandbox=\"allow-scripts\" security=\"restricted\" src=\"https:\/\/blogs.diariovasco.com\/eljukebox\/2014\/03\/11\/hubiera-sido-mejor-una-denuncia-que-un-anuncio\/embed\/#?secret=6jyQDvNJBW\" width=\"600\" height=\"338\" title=\"&#8220;Hubiera sido mejor una denuncia que un anuncio&#8221; &#8212; El jukebox\" data-secret=\"6jyQDvNJBW\" frameborder=\"0\" marginwidth=\"0\" marginheight=\"0\" scrolling=\"no\" class=\"wp-embedded-content\"><\/iframe><script>\n\/*! This file is auto-generated *\/\n!function(d,l){\"use strict\";l.querySelector&&d.addEventListener&&\"undefined\"!=typeof URL&&(d.wp=d.wp||{},d.wp.receiveEmbedMessage||(d.wp.receiveEmbedMessage=function(e){var t=e.data;if((t||t.secret||t.message||t.value)&&!\/[^a-zA-Z0-9]\/.test(t.secret)){for(var s,r,n,a=l.querySelectorAll('iframe[data-secret=\"'+t.secret+'\"]'),o=l.querySelectorAll('blockquote[data-secret=\"'+t.secret+'\"]'),c=new RegExp(\"^https?:$\",\"i\"),i=0;i<o.length;i++)o[i].style.display=\"none\";for(i=0;i<a.length;i++)s=a[i],e.source===s.contentWindow&&(s.removeAttribute(\"style\"),\"height\"===t.message?(1e3<(r=parseInt(t.value,10))?r=1e3:~~r<200&&(r=200),s.height=r):\"link\"===t.message&&(r=new URL(s.getAttribute(\"src\")),n=new URL(t.value),c.test(n.protocol))&&n.host===r.host&&l.activeElement===s&&(d.top.location.href=t.value))}},d.addEventListener(\"message\",d.wp.receiveEmbedMessage,!1),l.addEventListener(\"DOMContentLoaded\",function(){for(var e,t,s=l.querySelectorAll(\"iframe.wp-embedded-content\"),r=0;r<s.length;r++)(t=(e=s[r]).getAttribute(\"data-secret\"))||(t=Math.random().toString(36).substring(2,12),e.src+=\"#?secret=\"+t,e.setAttribute(\"data-secret\",t)),e.contentWindow.postMessage({message:\"ready\",secret:t},\"*\")},!1)))}(window,document);\n\/\/# sourceURL=https:\/\/blogs.diariovasco.com\/eljukebox\/wp-includes\/js\/wp-embed.min.js\n<\/script>\n","description":"Que a estas alturas es de dominio p\u00fablico que el nombramiento de Itziar Nogeras como directora general de la Capitalidad Cultural Europea Donostia 2016 fue un acto pre\u00f1ado de presuntas irregularidades resulta muy dif\u00edcil de rebatir, dado que aunque todo es relativo, no hay forma humana de explicar c\u00f3mo es posible que alguien comunique a [&hellip;]"}

Que a estas alturas es de dominio público que el nombramiento de Itziar Nogeras como directora general de la Capitalidad Cultural Europea Donostia 2016 fue un acto preñado de presuntas irregularidades resulta muy difícil de rebatir, dado que aunque todo es relativo, no hay forma humana de explicar cómo es posible que alguien comunique a [&hellip;]
