{"version":"1.0","provider_name":"El jukebox","provider_url":"https:\/\/blogs.diariovasco.com\/eljukebox","author_name":"Alberto Moyano","author_url":"https:\/\/blogs.diariovasco.com\/eljukebox\/author\/amoyano_1462406400\/","title":"Errenteria: tres d\u00edas con Jordi \u00c9vole - El jukebox","type":"rich","width":600,"height":338,"html":"<blockquote class=\"wp-embedded-content\" data-secret=\"J2lIZORa3r\"><a href=\"https:\/\/blogs.diariovasco.com\/eljukebox\/2014\/03\/31\/errenteria-tres-dias-con-jordi-evole\/\">Errenteria: tres d\u00edas con Jordi \u00c9vole<\/a><\/blockquote><iframe sandbox=\"allow-scripts\" security=\"restricted\" src=\"https:\/\/blogs.diariovasco.com\/eljukebox\/2014\/03\/31\/errenteria-tres-dias-con-jordi-evole\/embed\/#?secret=J2lIZORa3r\" width=\"600\" height=\"338\" title=\"&#8220;Errenteria: tres d\u00edas con Jordi \u00c9vole&#8221; &#8212; El jukebox\" data-secret=\"J2lIZORa3r\" frameborder=\"0\" marginwidth=\"0\" marginheight=\"0\" scrolling=\"no\" class=\"wp-embedded-content\"><\/iframe><script>\n\/*! This file is auto-generated *\/\n!function(d,l){\"use strict\";l.querySelector&&d.addEventListener&&\"undefined\"!=typeof URL&&(d.wp=d.wp||{},d.wp.receiveEmbedMessage||(d.wp.receiveEmbedMessage=function(e){var t=e.data;if((t||t.secret||t.message||t.value)&&!\/[^a-zA-Z0-9]\/.test(t.secret)){for(var s,r,n,a=l.querySelectorAll('iframe[data-secret=\"'+t.secret+'\"]'),o=l.querySelectorAll('blockquote[data-secret=\"'+t.secret+'\"]'),c=new RegExp(\"^https?:$\",\"i\"),i=0;i<o.length;i++)o[i].style.display=\"none\";for(i=0;i<a.length;i++)s=a[i],e.source===s.contentWindow&&(s.removeAttribute(\"style\"),\"height\"===t.message?(1e3<(r=parseInt(t.value,10))?r=1e3:~~r<200&&(r=200),s.height=r):\"link\"===t.message&&(r=new URL(s.getAttribute(\"src\")),n=new URL(t.value),c.test(n.protocol))&&n.host===r.host&&l.activeElement===s&&(d.top.location.href=t.value))}},d.addEventListener(\"message\",d.wp.receiveEmbedMessage,!1),l.addEventListener(\"DOMContentLoaded\",function(){for(var e,t,s=l.querySelectorAll(\"iframe.wp-embedded-content\"),r=0;r<s.length;r++)(t=(e=s[r]).getAttribute(\"data-secret\"))||(t=Math.random().toString(36).substring(2,12),e.src+=\"#?secret=\"+t,e.setAttribute(\"data-secret\",t)),e.contentWindow.postMessage({message:\"ready\",secret:t},\"*\")},!1)))}(window,document);\n\/\/# sourceURL=https:\/\/blogs.diariovasco.com\/eljukebox\/wp-includes\/js\/wp-embed.min.js\n<\/script>\n","description":"Jordi \u00c9vole fue a Errenteria a hacer uno de sus reportajes, con la ventaja a\u00f1adida sobre el resto del gremio de que s\u00f3lo tuvo que pasar all\u00ed tres d\u00edas, frente al lastre que supone haber trabajado toda la vida en o junto a la villa. Nunca aceptar\u00edamos un documental sobre la gastronom\u00eda vasca basado en [&hellip;]"}

Errenteria: tres días con Jordi Évole - El jukebox

<blockquote class="wp-embedded-content" data-secret="J2lIZORa3r"><a href="https://blogs.diariovasco.com/eljukebox/2014/03/31/errenteria-tres-dias-con-jordi-evole/">Errenteria: tres días con Jordi Évole</a></blockquote><iframe sandbox="allow-scripts" security="restricted" src="https://blogs.diariovasco.com/eljukebox/2014/03/31/errenteria-tres-dias-con-jordi-evole/embed/#?secret=J2lIZORa3r" width="600" height="338" title="&#8220;Errenteria: tres días con Jordi Évole&#8221; &#8212; El jukebox" data-secret="J2lIZORa3r" frameborder="0" marginwidth="0" marginheight="0" scrolling="no" class="wp-embedded-content"></iframe><script>
/*! This file is auto-generated */
!function(d,l){"use strict";l.querySelector&&d.addEventListener&&"undefined"!=typeof URL&&(d.wp=d.wp||{},d.wp.receiveEmbedMessage||(d.wp.receiveEmbedMessage=function(e){var t=e.data;if((t||t.secret||t.message||t.value)&&!/[^a-zA-Z0-9]/.test(t.secret)){for(var s,r,n,a=l.querySelectorAll('iframe[data-secret="'+t.secret+'"]'),o=l.querySelectorAll('blockquote[data-secret="'+t.secret+'"]'),c=new RegExp("^https?:$","i"),i=0;i<o.length;i++)o[i].style.display="none";for(i=0;i<a.length;i++)s=a[i],e.source===s.contentWindow&&(s.removeAttribute("style"),"height"===t.message?(1e3<(r=parseInt(t.value,10))?r=1e3:~~r<200&&(r=200),s.height=r):"link"===t.message&&(r=new URL(s.getAttribute("src")),n=new URL(t.value),c.test(n.protocol))&&n.host===r.host&&l.activeElement===s&&(d.top.location.href=t.value))}},d.addEventListener("message",d.wp.receiveEmbedMessage,!1),l.addEventListener("DOMContentLoaded",function(){for(var e,t,s=l.querySelectorAll("iframe.wp-embedded-content"),r=0;r<s.length;r++)(t=(e=s[r]).getAttribute("data-secret"))||(t=Math.random().toString(36).substring(2,12),e.src+="#?secret="+t,e.setAttribute("data-secret",t)),e.contentWindow.postMessage({message:"ready",secret:t},"*")},!1)))}(window,document);
//# sourceURL=https://blogs.diariovasco.com/eljukebox/wp-includes/js/wp-embed.min.js
</script>

Jordi Évole fue a Errenteria a hacer uno de sus reportajes, con la ventaja añadida sobre el resto del gremio de que sólo tuvo que pasar allí tres días, frente al lastre que supone haber trabajado toda la vida en o junto a la villa. Nunca aceptaríamos un documental sobre la gastronomía vasca basado en [&hellip;]
