{"version":"1.0","provider_name":"El jukebox","provider_url":"https:\/\/blogs.diariovasco.com\/eljukebox","author_name":"Alberto Moyano","author_url":"https:\/\/blogs.diariovasco.com\/eljukebox\/author\/amoyano_1462406400\/","title":"El ello, el yo y el socio accionista - El jukebox","type":"rich","width":600,"height":338,"html":"<blockquote class=\"wp-embedded-content\" data-secret=\"euv8K65qsX\"><a href=\"https:\/\/blogs.diariovasco.com\/eljukebox\/2014\/08\/29\/el-ello-el-yo-y-el-socioaccionista\/\">El ello, el yo y el socio accionista<\/a><\/blockquote><iframe sandbox=\"allow-scripts\" security=\"restricted\" src=\"https:\/\/blogs.diariovasco.com\/eljukebox\/2014\/08\/29\/el-ello-el-yo-y-el-socioaccionista\/embed\/#?secret=euv8K65qsX\" width=\"600\" height=\"338\" title=\"&#8220;El ello, el yo y el socio accionista&#8221; &#8212; El jukebox\" data-secret=\"euv8K65qsX\" frameborder=\"0\" marginwidth=\"0\" marginheight=\"0\" scrolling=\"no\" class=\"wp-embedded-content\"><\/iframe><script>\n\/*! This file is auto-generated *\/\n!function(d,l){\"use strict\";l.querySelector&&d.addEventListener&&\"undefined\"!=typeof URL&&(d.wp=d.wp||{},d.wp.receiveEmbedMessage||(d.wp.receiveEmbedMessage=function(e){var t=e.data;if((t||t.secret||t.message||t.value)&&!\/[^a-zA-Z0-9]\/.test(t.secret)){for(var s,r,n,a=l.querySelectorAll('iframe[data-secret=\"'+t.secret+'\"]'),o=l.querySelectorAll('blockquote[data-secret=\"'+t.secret+'\"]'),c=new RegExp(\"^https?:$\",\"i\"),i=0;i<o.length;i++)o[i].style.display=\"none\";for(i=0;i<a.length;i++)s=a[i],e.source===s.contentWindow&&(s.removeAttribute(\"style\"),\"height\"===t.message?(1e3<(r=parseInt(t.value,10))?r=1e3:~~r<200&&(r=200),s.height=r):\"link\"===t.message&&(r=new URL(s.getAttribute(\"src\")),n=new URL(t.value),c.test(n.protocol))&&n.host===r.host&&l.activeElement===s&&(d.top.location.href=t.value))}},d.addEventListener(\"message\",d.wp.receiveEmbedMessage,!1),l.addEventListener(\"DOMContentLoaded\",function(){for(var e,t,s=l.querySelectorAll(\"iframe.wp-embedded-content\"),r=0;r<s.length;r++)(t=(e=s[r]).getAttribute(\"data-secret\"))||(t=Math.random().toString(36).substring(2,12),e.src+=\"#?secret=\"+t,e.setAttribute(\"data-secret\",t)),e.contentWindow.postMessage({message:\"ready\",secret:t},\"*\")},!1)))}(window,document);\n\/\/# sourceURL=https:\/\/blogs.diariovasco.com\/eljukebox\/wp-includes\/js\/wp-embed.min.js\n<\/script>\n","description":"El mundo del f\u00fatbol se alza sobre varias falacias, no siendo\u00a0 la menor de todas ellas aquella que sostiene que el forofo anhela\u00a0 identificarse con su equipo. Si alg\u00fan d\u00eda fue cierto, ya no lo es. Justo al rev\u00e9s, exige que el equipo se construya a su imagen y semejanza y, sobre todo, de acuerdo [&hellip;]"}

El mundo del fútbol se alza sobre varias falacias, no siendo  la menor de todas ellas aquella que sostiene que el forofo anhela  identificarse con su equipo. Si algún día fue cierto, ya no lo es. Justo al revés, exige que el equipo se construya a su imagen y semejanza y, sobre todo, de acuerdo [&hellip;]
