{"version":"1.0","provider_name":"El fotograma","provider_url":"https:\/\/blogs.diariovasco.com\/fotograma","author_name":"Asier Manrique","author_url":"https:\/\/blogs.diariovasco.com\/fotograma\/author\/eurofan93\/","title":"&#039;La novia&#039;, belleza para los sentidos - El fotograma","type":"rich","width":600,"height":338,"html":"<blockquote class=\"wp-embedded-content\" data-secret=\"XJOreINpTB\"><a href=\"https:\/\/blogs.diariovasco.com\/fotograma\/2016\/06\/03\/la-novia-belleza-para-los-sentidos\/\">&#039;La novia&#039;, belleza para los sentidos<\/a><\/blockquote><iframe sandbox=\"allow-scripts\" security=\"restricted\" src=\"https:\/\/blogs.diariovasco.com\/fotograma\/2016\/06\/03\/la-novia-belleza-para-los-sentidos\/embed\/#?secret=XJOreINpTB\" width=\"600\" height=\"338\" title=\"&#8220;&#039;La novia&#039;, belleza para los sentidos&#8221; &#8212; El fotograma\" data-secret=\"XJOreINpTB\" frameborder=\"0\" marginwidth=\"0\" marginheight=\"0\" scrolling=\"no\" class=\"wp-embedded-content\"><\/iframe><script>\n\/*! This file is auto-generated *\/\n!function(d,l){\"use strict\";l.querySelector&&d.addEventListener&&\"undefined\"!=typeof URL&&(d.wp=d.wp||{},d.wp.receiveEmbedMessage||(d.wp.receiveEmbedMessage=function(e){var t=e.data;if((t||t.secret||t.message||t.value)&&!\/[^a-zA-Z0-9]\/.test(t.secret)){for(var s,r,n,a=l.querySelectorAll('iframe[data-secret=\"'+t.secret+'\"]'),o=l.querySelectorAll('blockquote[data-secret=\"'+t.secret+'\"]'),c=new RegExp(\"^https?:$\",\"i\"),i=0;i<o.length;i++)o[i].style.display=\"none\";for(i=0;i<a.length;i++)s=a[i],e.source===s.contentWindow&&(s.removeAttribute(\"style\"),\"height\"===t.message?(1e3<(r=parseInt(t.value,10))?r=1e3:~~r<200&&(r=200),s.height=r):\"link\"===t.message&&(r=new URL(s.getAttribute(\"src\")),n=new URL(t.value),c.test(n.protocol))&&n.host===r.host&&l.activeElement===s&&(d.top.location.href=t.value))}},d.addEventListener(\"message\",d.wp.receiveEmbedMessage,!1),l.addEventListener(\"DOMContentLoaded\",function(){for(var e,t,s=l.querySelectorAll(\"iframe.wp-embedded-content\"),r=0;r<s.length;r++)(t=(e=s[r]).getAttribute(\"data-secret\"))||(t=Math.random().toString(36).substring(2,12),e.src+=\"#?secret=\"+t,e.setAttribute(\"data-secret\",t)),e.contentWindow.postMessage({message:\"ready\",secret:t},\"*\")},!1)))}(window,document);\n\/\/# sourceURL=https:\/\/blogs.diariovasco.com\/fotograma\/wp-includes\/js\/wp-embed.min.js\n<\/script>\n","thumbnail_url":"https:\/\/blogs.diariovasco.com\/fotograma\/wp-content\/uploads\/sites\/71\/2016\/05\/la-novia.jpg","thumbnail_width":1200,"thumbnail_height":627,"description":"LA NOVIA T\u00edtulo original: La novia A\u00f1o: 2015 Duraci\u00f3n: 93 minutos Pa\u00eds: Espa\u00f1a Directora: Paula Ortiz Guion: Paula Ortiz y Javier Garc\u00eda Arredondo, basado en &#8216;Bodas de sangre&#8217; de Federico Garc\u00eda Lorca M\u00fasica: Shigeru Umebayashi Fotograf\u00eda: Migue Amoedo Reparto:\u00a0Inma Cuesta,\u00a0Asier Etxeandia,\u00a0\u00c1lex Garc\u00eda,\u00a0Luisa Gavasa,\u00a0Carlos \u00c1lvarez-Novoa,\u00a0Ana Fern\u00e1ndez,\u00a0Consuelo Trujillo,\u00a0Leticia Dolera,\u00a0Mar\u00eda Alfonsa Rosso,\u00a0Manuela Vell\u00e9s,\u00a0Mariana Cordero,\u00a0Carmela del Campo,\u00a0\u00c1lvaro Baumann y\u00a0Anchel [&hellip;]"}

LA NOVIA Título original: La novia Año: 2015 Duración: 93 minutos País: España Directora: Paula Ortiz Guion: Paula Ortiz y Javier García Arredondo, basado en &#8216;Bodas de sangre&#8217; de Federico García Lorca Música: Shigeru Umebayashi Fotografía: Migue Amoedo Reparto: Inma Cuesta, Asier Etxeandia, Álex García, Luisa Gavasa, Carlos Álvarez-Novoa, Ana Fernández, Consuelo Trujillo, Leticia Dolera, María Alfonsa Rosso, Manuela Vellés, Mariana Cordero, Carmela del Campo, Álvaro Baumann y Anchel [&hellip;]
