{"version":"1.0","provider_name":"La mirada","provider_url":"https:\/\/blogs.diariovasco.com\/la-mirada","author_name":"Lourdes P\u00e9rez","author_url":"https:\/\/blogs.diariovasco.com\/la-mirada\/author\/lourdesperez\/","title":"El discurso de su vida - La mirada","type":"rich","width":600,"height":338,"html":"<blockquote class=\"wp-embedded-content\" data-secret=\"HSMmpkJOKQ\"><a href=\"https:\/\/blogs.diariovasco.com\/la-mirada\/2012\/12\/09\/24\/\">El discurso de su vida<\/a><\/blockquote><iframe sandbox=\"allow-scripts\" security=\"restricted\" src=\"https:\/\/blogs.diariovasco.com\/la-mirada\/2012\/12\/09\/24\/embed\/#?secret=HSMmpkJOKQ\" width=\"600\" height=\"338\" title=\"&#8220;El discurso de su vida&#8221; &#8212; La mirada\" data-secret=\"HSMmpkJOKQ\" frameborder=\"0\" marginwidth=\"0\" marginheight=\"0\" scrolling=\"no\" class=\"wp-embedded-content\"><\/iframe><script>\n\/*! This file is auto-generated *\/\n!function(d,l){\"use strict\";l.querySelector&&d.addEventListener&&\"undefined\"!=typeof URL&&(d.wp=d.wp||{},d.wp.receiveEmbedMessage||(d.wp.receiveEmbedMessage=function(e){var t=e.data;if((t||t.secret||t.message||t.value)&&!\/[^a-zA-Z0-9]\/.test(t.secret)){for(var s,r,n,a=l.querySelectorAll('iframe[data-secret=\"'+t.secret+'\"]'),o=l.querySelectorAll('blockquote[data-secret=\"'+t.secret+'\"]'),c=new RegExp(\"^https?:$\",\"i\"),i=0;i<o.length;i++)o[i].style.display=\"none\";for(i=0;i<a.length;i++)s=a[i],e.source===s.contentWindow&&(s.removeAttribute(\"style\"),\"height\"===t.message?(1e3<(r=parseInt(t.value,10))?r=1e3:~~r<200&&(r=200),s.height=r):\"link\"===t.message&&(r=new URL(s.getAttribute(\"src\")),n=new URL(t.value),c.test(n.protocol))&&n.host===r.host&&l.activeElement===s&&(d.top.location.href=t.value))}},d.addEventListener(\"message\",d.wp.receiveEmbedMessage,!1),l.addEventListener(\"DOMContentLoaded\",function(){for(var e,t,s=l.querySelectorAll(\"iframe.wp-embedded-content\"),r=0;r<s.length;r++)(t=(e=s[r]).getAttribute(\"data-secret\"))||(t=Math.random().toString(36).substring(2,12),e.src+=\"#?secret=\"+t,e.setAttribute(\"data-secret\",t)),e.contentWindow.postMessage({message:\"ready\",secret:t},\"*\")},!1)))}(window,document);\n\/\/# sourceURL=https:\/\/blogs.diariovasco.com\/la-mirada\/wp-includes\/js\/wp-embed.min.js\n<\/script>\n","description":"I\u00f1igo Urkullu pronunciar\u00e1 este mi\u00e9rcoles el discurso m\u00e1s importante, hasta ahora, de su vida pol\u00edtica. Lo ser\u00e1, obviamente, porque esa alocuci\u00f3n constituir\u00e1 su tarjeta de presentaci\u00f3n, su declaraci\u00f3n de intenciones, como el quinto lehendakari desde la restauraci\u00f3n de la democracia en Euskadi. Pero en este caso, las circunstancias revisten la investidura del presidente del PNV [&hellip;]"}

Lourdes Pérez

Iñigo Urkullu pronunciará este miércoles el discurso más importante, hasta ahora, de su vida política. Lo será, obviamente, porque esa alocución constituirá su tarjeta de presentación, su declaración de intenciones, como el quinto lehendakari desde la restauración de la democracia en Euskadi. Pero en este caso, las circunstancias revisten la investidura del presidente del PNV [&hellip;]
