{"version":"1.0","provider_name":"La mirada","provider_url":"https:\/\/blogs.diariovasco.com\/la-mirada","author_name":"Lourdes P\u00e9rez","author_url":"https:\/\/blogs.diariovasco.com\/la-mirada\/author\/lourdesperez\/","title":"Legalidad, \u00e9tica y est\u00e9tica - La mirada","type":"rich","width":600,"height":338,"html":"<blockquote class=\"wp-embedded-content\" data-secret=\"Zh3jJBcnzt\"><a href=\"https:\/\/blogs.diariovasco.com\/la-mirada\/2013\/01\/15\/legalidad-etica-y-estetica\/\">Legalidad, \u00e9tica y est\u00e9tica<\/a><\/blockquote><iframe sandbox=\"allow-scripts\" security=\"restricted\" src=\"https:\/\/blogs.diariovasco.com\/la-mirada\/2013\/01\/15\/legalidad-etica-y-estetica\/embed\/#?secret=Zh3jJBcnzt\" width=\"600\" height=\"338\" title=\"&#8220;Legalidad, \u00e9tica y est\u00e9tica&#8221; &#8212; La mirada\" data-secret=\"Zh3jJBcnzt\" frameborder=\"0\" marginwidth=\"0\" marginheight=\"0\" scrolling=\"no\" class=\"wp-embedded-content\"><\/iframe><script>\n\/*! This file is auto-generated *\/\n!function(d,l){\"use strict\";l.querySelector&&d.addEventListener&&\"undefined\"!=typeof URL&&(d.wp=d.wp||{},d.wp.receiveEmbedMessage||(d.wp.receiveEmbedMessage=function(e){var t=e.data;if((t||t.secret||t.message||t.value)&&!\/[^a-zA-Z0-9]\/.test(t.secret)){for(var s,r,n,a=l.querySelectorAll('iframe[data-secret=\"'+t.secret+'\"]'),o=l.querySelectorAll('blockquote[data-secret=\"'+t.secret+'\"]'),c=new RegExp(\"^https?:$\",\"i\"),i=0;i<o.length;i++)o[i].style.display=\"none\";for(i=0;i<a.length;i++)s=a[i],e.source===s.contentWindow&&(s.removeAttribute(\"style\"),\"height\"===t.message?(1e3<(r=parseInt(t.value,10))?r=1e3:~~r<200&&(r=200),s.height=r):\"link\"===t.message&&(r=new URL(s.getAttribute(\"src\")),n=new URL(t.value),c.test(n.protocol))&&n.host===r.host&&l.activeElement===s&&(d.top.location.href=t.value))}},d.addEventListener(\"message\",d.wp.receiveEmbedMessage,!1),l.addEventListener(\"DOMContentLoaded\",function(){for(var e,t,s=l.querySelectorAll(\"iframe.wp-embedded-content\"),r=0;r<s.length;r++)(t=(e=s[r]).getAttribute(\"data-secret\"))||(t=Math.random().toString(36).substring(2,12),e.src+=\"#?secret=\"+t,e.setAttribute(\"data-secret\",t)),e.contentWindow.postMessage({message:\"ready\",secret:t},\"*\")},!1)))}(window,document);\n\/\/# sourceURL=https:\/\/blogs.diariovasco.com\/la-mirada\/wp-includes\/js\/wp-embed.min.js\n<\/script>\n","description":"Lo legal no siempre es \u00e9tico ni est\u00e9tico. Juan Jos\u00e9 G\u00fcemes, exconsejero de Sanidad de la Comunidad de Madrid, ha utilizado esos tres adjetivos para reivindicarse p\u00fablicamente en la misma comparecencia ante los medios en la que ha anunciado su dimisi\u00f3n como consejero de la empresa Unilabs, que gestionar\u00e1 los an\u00e1lisis cl\u00ednicos de seis hospitales [&hellip;]"}

Lourdes Pérez

Legalidad, ética y estética - La mirada

<blockquote class="wp-embedded-content" data-secret="Zh3jJBcnzt"><a href="https://blogs.diariovasco.com/la-mirada/2013/01/15/legalidad-etica-y-estetica/">Legalidad, ética y estética</a></blockquote><iframe sandbox="allow-scripts" security="restricted" src="https://blogs.diariovasco.com/la-mirada/2013/01/15/legalidad-etica-y-estetica/embed/#?secret=Zh3jJBcnzt" width="600" height="338" title="&#8220;Legalidad, ética y estética&#8221; &#8212; La mirada" data-secret="Zh3jJBcnzt" frameborder="0" marginwidth="0" marginheight="0" scrolling="no" class="wp-embedded-content"></iframe><script>
/*! This file is auto-generated */
!function(d,l){"use strict";l.querySelector&&d.addEventListener&&"undefined"!=typeof URL&&(d.wp=d.wp||{},d.wp.receiveEmbedMessage||(d.wp.receiveEmbedMessage=function(e){var t=e.data;if((t||t.secret||t.message||t.value)&&!/[^a-zA-Z0-9]/.test(t.secret)){for(var s,r,n,a=l.querySelectorAll('iframe[data-secret="'+t.secret+'"]'),o=l.querySelectorAll('blockquote[data-secret="'+t.secret+'"]'),c=new RegExp("^https?:$","i"),i=0;i<o.length;i++)o[i].style.display="none";for(i=0;i<a.length;i++)s=a[i],e.source===s.contentWindow&&(s.removeAttribute("style"),"height"===t.message?(1e3<(r=parseInt(t.value,10))?r=1e3:~~r<200&&(r=200),s.height=r):"link"===t.message&&(r=new URL(s.getAttribute("src")),n=new URL(t.value),c.test(n.protocol))&&n.host===r.host&&l.activeElement===s&&(d.top.location.href=t.value))}},d.addEventListener("message",d.wp.receiveEmbedMessage,!1),l.addEventListener("DOMContentLoaded",function(){for(var e,t,s=l.querySelectorAll("iframe.wp-embedded-content"),r=0;r<s.length;r++)(t=(e=s[r]).getAttribute("data-secret"))||(t=Math.random().toString(36).substring(2,12),e.src+="#?secret="+t,e.setAttribute("data-secret",t)),e.contentWindow.postMessage({message:"ready",secret:t},"*")},!1)))}(window,document);
//# sourceURL=https://blogs.diariovasco.com/la-mirada/wp-includes/js/wp-embed.min.js
</script>

Lo legal no siempre es ético ni estético. Juan José Güemes, exconsejero de Sanidad de la Comunidad de Madrid, ha utilizado esos tres adjetivos para reivindicarse públicamente en la misma comparecencia ante los medios en la que ha anunciado su dimisión como consejero de la empresa Unilabs, que gestionará los análisis clínicos de seis hospitales [&hellip;]
