{"version":"1.0","provider_name":"La mirada","provider_url":"https:\/\/blogs.diariovasco.com\/la-mirada","author_name":"Lourdes P\u00e9rez","author_url":"https:\/\/blogs.diariovasco.com\/la-mirada\/author\/lourdesperez\/","title":"La soledad del juez Castro - La mirada","type":"rich","width":600,"height":338,"html":"<blockquote class=\"wp-embedded-content\" data-secret=\"KYpPKAL8SF\"><a href=\"https:\/\/blogs.diariovasco.com\/la-mirada\/2013\/04\/04\/la-soledad-del-juez-castro\/\">La soledad del juez Castro<\/a><\/blockquote><iframe sandbox=\"allow-scripts\" security=\"restricted\" src=\"https:\/\/blogs.diariovasco.com\/la-mirada\/2013\/04\/04\/la-soledad-del-juez-castro\/embed\/#?secret=KYpPKAL8SF\" width=\"600\" height=\"338\" title=\"&#8220;La soledad del juez Castro&#8221; &#8212; La mirada\" data-secret=\"KYpPKAL8SF\" frameborder=\"0\" marginwidth=\"0\" marginheight=\"0\" scrolling=\"no\" class=\"wp-embedded-content\"><\/iframe><script>\n\/*! This file is auto-generated *\/\n!function(d,l){\"use strict\";l.querySelector&&d.addEventListener&&\"undefined\"!=typeof URL&&(d.wp=d.wp||{},d.wp.receiveEmbedMessage||(d.wp.receiveEmbedMessage=function(e){var t=e.data;if((t||t.secret||t.message||t.value)&&!\/[^a-zA-Z0-9]\/.test(t.secret)){for(var s,r,n,a=l.querySelectorAll('iframe[data-secret=\"'+t.secret+'\"]'),o=l.querySelectorAll('blockquote[data-secret=\"'+t.secret+'\"]'),c=new RegExp(\"^https?:$\",\"i\"),i=0;i<o.length;i++)o[i].style.display=\"none\";for(i=0;i<a.length;i++)s=a[i],e.source===s.contentWindow&&(s.removeAttribute(\"style\"),\"height\"===t.message?(1e3<(r=parseInt(t.value,10))?r=1e3:~~r<200&&(r=200),s.height=r):\"link\"===t.message&&(r=new URL(s.getAttribute(\"src\")),n=new URL(t.value),c.test(n.protocol))&&n.host===r.host&&l.activeElement===s&&(d.top.location.href=t.value))}},d.addEventListener(\"message\",d.wp.receiveEmbedMessage,!1),l.addEventListener(\"DOMContentLoaded\",function(){for(var e,t,s=l.querySelectorAll(\"iframe.wp-embedded-content\"),r=0;r<s.length;r++)(t=(e=s[r]).getAttribute(\"data-secret\"))||(t=Math.random().toString(36).substring(2,12),e.src+=\"#?secret=\"+t,e.setAttribute(\"data-secret\",t)),e.contentWindow.postMessage({message:\"ready\",secret:t},\"*\")},!1)))}(window,document);\n\/\/# sourceURL=https:\/\/blogs.diariovasco.com\/la-mirada\/wp-includes\/js\/wp-embed.min.js\n<\/script>\n","description":"Reza un viejo adagio que nadie es m\u00e1s poderoso que un juez de instrucci\u00f3n. La sentencia resulta exagerada, claro, porque el Estado de Derecho\u00a0 tiene sus propios contrapesos para garantizar que, realmente, se hace justicia. Pero es obvio que hasta que se sustancie el anunciado recurso de la Fiscal\u00eda Anticorrupci\u00f3n, nadie habr\u00e1 podido ejercer el [&hellip;]"}

Lourdes Pérez

Reza un viejo adagio que nadie es más poderoso que un juez de instrucción. La sentencia resulta exagerada, claro, porque el Estado de Derecho  tiene sus propios contrapesos para garantizar que, realmente, se hace justicia. Pero es obvio que hasta que se sustancie el anunciado recurso de la Fiscalía Anticorrupción, nadie habrá podido ejercer el [&hellip;]
