{"version":"1.0","provider_name":"La mirada","provider_url":"https:\/\/blogs.diariovasco.com\/la-mirada","author_name":"Lourdes P\u00e9rez","author_url":"https:\/\/blogs.diariovasco.com\/la-mirada\/author\/lourdesperez\/","title":"Simetr\u00eda imposible - La mirada","type":"rich","width":600,"height":338,"html":"<blockquote class=\"wp-embedded-content\" data-secret=\"eUKj5lDqEB\"><a href=\"https:\/\/blogs.diariovasco.com\/la-mirada\/2013\/06\/24\/simetria-imposible\/\">Simetr\u00eda imposible<\/a><\/blockquote><iframe sandbox=\"allow-scripts\" security=\"restricted\" src=\"https:\/\/blogs.diariovasco.com\/la-mirada\/2013\/06\/24\/simetria-imposible\/embed\/#?secret=eUKj5lDqEB\" width=\"600\" height=\"338\" title=\"&#8220;Simetr\u00eda imposible&#8221; &#8212; La mirada\" data-secret=\"eUKj5lDqEB\" frameborder=\"0\" marginwidth=\"0\" marginheight=\"0\" scrolling=\"no\" class=\"wp-embedded-content\"><\/iframe><script>\n\/*! This file is auto-generated *\/\n!function(d,l){\"use strict\";l.querySelector&&d.addEventListener&&\"undefined\"!=typeof URL&&(d.wp=d.wp||{},d.wp.receiveEmbedMessage||(d.wp.receiveEmbedMessage=function(e){var t=e.data;if((t||t.secret||t.message||t.value)&&!\/[^a-zA-Z0-9]\/.test(t.secret)){for(var s,r,n,a=l.querySelectorAll('iframe[data-secret=\"'+t.secret+'\"]'),o=l.querySelectorAll('blockquote[data-secret=\"'+t.secret+'\"]'),c=new RegExp(\"^https?:$\",\"i\"),i=0;i<o.length;i++)o[i].style.display=\"none\";for(i=0;i<a.length;i++)s=a[i],e.source===s.contentWindow&&(s.removeAttribute(\"style\"),\"height\"===t.message?(1e3<(r=parseInt(t.value,10))?r=1e3:~~r<200&&(r=200),s.height=r):\"link\"===t.message&&(r=new URL(s.getAttribute(\"src\")),n=new URL(t.value),c.test(n.protocol))&&n.host===r.host&&l.activeElement===s&&(d.top.location.href=t.value))}},d.addEventListener(\"message\",d.wp.receiveEmbedMessage,!1),l.addEventListener(\"DOMContentLoaded\",function(){for(var e,t,s=l.querySelectorAll(\"iframe.wp-embedded-content\"),r=0;r<s.length;r++)(t=(e=s[r]).getAttribute(\"data-secret\"))||(t=Math.random().toString(36).substring(2,12),e.src+=\"#?secret=\"+t,e.setAttribute(\"data-secret\",t)),e.contentWindow.postMessage({message:\"ready\",secret:t},\"*\")},!1)))}(window,document);\n\/\/# sourceURL=https:\/\/blogs.diariovasco.com\/la-mirada\/wp-includes\/js\/wp-embed.min.js\n<\/script>\n","description":"Este mi\u00e9rcoles la ponencia de paz del Parlamento celebrar\u00e1 una reuni\u00f3n que puede resultar determinante no solo para el futuro del foro, sino tambi\u00e9n para la operatividad del Plan de Paz y Convivencia presentado hace apenas 13 d\u00edas por el lehendakari y cuya aprobaci\u00f3n definitiva est\u00e1 fijada para octubre una vez recibidas las eventuales aportaciones [&hellip;]"}

Lourdes Pérez

Simetría imposible - La mirada

<blockquote class="wp-embedded-content" data-secret="eUKj5lDqEB"><a href="https://blogs.diariovasco.com/la-mirada/2013/06/24/simetria-imposible/">Simetría imposible</a></blockquote><iframe sandbox="allow-scripts" security="restricted" src="https://blogs.diariovasco.com/la-mirada/2013/06/24/simetria-imposible/embed/#?secret=eUKj5lDqEB" width="600" height="338" title="&#8220;Simetría imposible&#8221; &#8212; La mirada" data-secret="eUKj5lDqEB" frameborder="0" marginwidth="0" marginheight="0" scrolling="no" class="wp-embedded-content"></iframe><script>
/*! This file is auto-generated */
!function(d,l){"use strict";l.querySelector&&d.addEventListener&&"undefined"!=typeof URL&&(d.wp=d.wp||{},d.wp.receiveEmbedMessage||(d.wp.receiveEmbedMessage=function(e){var t=e.data;if((t||t.secret||t.message||t.value)&&!/[^a-zA-Z0-9]/.test(t.secret)){for(var s,r,n,a=l.querySelectorAll('iframe[data-secret="'+t.secret+'"]'),o=l.querySelectorAll('blockquote[data-secret="'+t.secret+'"]'),c=new RegExp("^https?:$","i"),i=0;i<o.length;i++)o[i].style.display="none";for(i=0;i<a.length;i++)s=a[i],e.source===s.contentWindow&&(s.removeAttribute("style"),"height"===t.message?(1e3<(r=parseInt(t.value,10))?r=1e3:~~r<200&&(r=200),s.height=r):"link"===t.message&&(r=new URL(s.getAttribute("src")),n=new URL(t.value),c.test(n.protocol))&&n.host===r.host&&l.activeElement===s&&(d.top.location.href=t.value))}},d.addEventListener("message",d.wp.receiveEmbedMessage,!1),l.addEventListener("DOMContentLoaded",function(){for(var e,t,s=l.querySelectorAll("iframe.wp-embedded-content"),r=0;r<s.length;r++)(t=(e=s[r]).getAttribute("data-secret"))||(t=Math.random().toString(36).substring(2,12),e.src+="#?secret="+t,e.setAttribute("data-secret",t)),e.contentWindow.postMessage({message:"ready",secret:t},"*")},!1)))}(window,document);
//# sourceURL=https://blogs.diariovasco.com/la-mirada/wp-includes/js/wp-embed.min.js
</script>

Este miércoles la ponencia de paz del Parlamento celebrará una reunión que puede resultar determinante no solo para el futuro del foro, sino también para la operatividad del Plan de Paz y Convivencia presentado hace apenas 13 días por el lehendakari y cuya aprobación definitiva está fijada para octubre una vez recibidas las eventuales aportaciones [&hellip;]
