{"version":"1.0","provider_name":"La Casa de Cora","provider_url":"https:\/\/blogs.diariovasco.com\/lacasadecora","author_name":"Rosa Perez Azaceta","author_url":"https:\/\/blogs.diariovasco.com\/lacasadecora\/author\/rodek\/","title":"En 16 m2 - La Casa de Cora","type":"rich","width":600,"height":338,"html":"<blockquote class=\"wp-embedded-content\" data-secret=\"75PbcIbNpr\"><a href=\"https:\/\/blogs.diariovasco.com\/lacasadecora\/en-16-m2\/2014\/05\/01\/\">En 16 m2<\/a><\/blockquote><iframe sandbox=\"allow-scripts\" security=\"restricted\" src=\"https:\/\/blogs.diariovasco.com\/lacasadecora\/en-16-m2\/2014\/05\/01\/embed\/#?secret=75PbcIbNpr\" width=\"600\" height=\"338\" title=\"&#8220;En 16 m2&#8221; &#8212; La Casa de Cora\" data-secret=\"75PbcIbNpr\" frameborder=\"0\" marginwidth=\"0\" marginheight=\"0\" scrolling=\"no\" class=\"wp-embedded-content\"><\/iframe><script>\n\/*! This file is auto-generated *\/\n!function(d,l){\"use strict\";l.querySelector&&d.addEventListener&&\"undefined\"!=typeof URL&&(d.wp=d.wp||{},d.wp.receiveEmbedMessage||(d.wp.receiveEmbedMessage=function(e){var t=e.data;if((t||t.secret||t.message||t.value)&&!\/[^a-zA-Z0-9]\/.test(t.secret)){for(var s,r,n,a=l.querySelectorAll('iframe[data-secret=\"'+t.secret+'\"]'),o=l.querySelectorAll('blockquote[data-secret=\"'+t.secret+'\"]'),c=new RegExp(\"^https?:$\",\"i\"),i=0;i<o.length;i++)o[i].style.display=\"none\";for(i=0;i<a.length;i++)s=a[i],e.source===s.contentWindow&&(s.removeAttribute(\"style\"),\"height\"===t.message?(1e3<(r=parseInt(t.value,10))?r=1e3:~~r<200&&(r=200),s.height=r):\"link\"===t.message&&(r=new URL(s.getAttribute(\"src\")),n=new URL(t.value),c.test(n.protocol))&&n.host===r.host&&l.activeElement===s&&(d.top.location.href=t.value))}},d.addEventListener(\"message\",d.wp.receiveEmbedMessage,!1),l.addEventListener(\"DOMContentLoaded\",function(){for(var e,t,s=l.querySelectorAll(\"iframe.wp-embedded-content\"),r=0;r<s.length;r++)(t=(e=s[r]).getAttribute(\"data-secret\"))||(t=Math.random().toString(36).substring(2,12),e.src+=\"#?secret=\"+t,e.setAttribute(\"data-secret\",t)),e.contentWindow.postMessage({message:\"ready\",secret:t},\"*\")},!1)))}(window,document);\n\/\/# sourceURL=https:\/\/blogs.diariovasco.com\/lacasadecora\/wp-includes\/js\/wp-embed.min.js\n<\/script>\n","description":"En esta minibuhardilla, ubicada en el centro de Paris, se suplen la falta de metros cuadrados por detalles que cubren las necesidades b\u00e1sicas necesarias para habitarla por una persona, no utilizando ninguna partici\u00f3n de tabiques, entre las diferentes zonas de uso. El interiorismo de este mini \u00e1tico parisino es un trabajo excepcional de aprovechamiento del [&hellip;]"}

En esta minibuhardilla, ubicada en el centro de Paris, se suplen la falta de metros cuadrados por detalles que cubren las necesidades básicas necesarias para habitarla por una persona, no utilizando ninguna partición de tabiques, entre las diferentes zonas de uso. El interiorismo de este mini ático parisino es un trabajo excepcional de aprovechamiento del [&hellip;]
