{"version":"1.0","provider_name":"La Casa de Cora","provider_url":"https:\/\/blogs.diariovasco.com\/lacasadecora","author_name":"Rosa Perez Azaceta","author_url":"https:\/\/blogs.diariovasco.com\/lacasadecora\/author\/rodek\/","title":"Oficina, con ambiente agradable - La Casa de Cora","type":"rich","width":600,"height":338,"html":"<blockquote class=\"wp-embedded-content\" data-secret=\"ypQsUxTyOd\"><a href=\"https:\/\/blogs.diariovasco.com\/lacasadecora\/oficina-con-ambiente-agradable\/2017\/07\/02\/\">Oficina, con ambiente agradable<\/a><\/blockquote><iframe sandbox=\"allow-scripts\" security=\"restricted\" src=\"https:\/\/blogs.diariovasco.com\/lacasadecora\/oficina-con-ambiente-agradable\/2017\/07\/02\/embed\/#?secret=ypQsUxTyOd\" width=\"600\" height=\"338\" title=\"&#8220;Oficina, con ambiente agradable&#8221; &#8212; La Casa de Cora\" data-secret=\"ypQsUxTyOd\" frameborder=\"0\" marginwidth=\"0\" marginheight=\"0\" scrolling=\"no\" class=\"wp-embedded-content\"><\/iframe><script>\n\/*! This file is auto-generated *\/\n!function(d,l){\"use strict\";l.querySelector&&d.addEventListener&&\"undefined\"!=typeof URL&&(d.wp=d.wp||{},d.wp.receiveEmbedMessage||(d.wp.receiveEmbedMessage=function(e){var t=e.data;if((t||t.secret||t.message||t.value)&&!\/[^a-zA-Z0-9]\/.test(t.secret)){for(var s,r,n,a=l.querySelectorAll('iframe[data-secret=\"'+t.secret+'\"]'),o=l.querySelectorAll('blockquote[data-secret=\"'+t.secret+'\"]'),c=new RegExp(\"^https?:$\",\"i\"),i=0;i<o.length;i++)o[i].style.display=\"none\";for(i=0;i<a.length;i++)s=a[i],e.source===s.contentWindow&&(s.removeAttribute(\"style\"),\"height\"===t.message?(1e3<(r=parseInt(t.value,10))?r=1e3:~~r<200&&(r=200),s.height=r):\"link\"===t.message&&(r=new URL(s.getAttribute(\"src\")),n=new URL(t.value),c.test(n.protocol))&&n.host===r.host&&l.activeElement===s&&(d.top.location.href=t.value))}},d.addEventListener(\"message\",d.wp.receiveEmbedMessage,!1),l.addEventListener(\"DOMContentLoaded\",function(){for(var e,t,s=l.querySelectorAll(\"iframe.wp-embedded-content\"),r=0;r<s.length;r++)(t=(e=s[r]).getAttribute(\"data-secret\"))||(t=Math.random().toString(36).substring(2,12),e.src+=\"#?secret=\"+t,e.setAttribute(\"data-secret\",t)),e.contentWindow.postMessage({message:\"ready\",secret:t},\"*\")},!1)))}(window,document);\n\/\/# sourceURL=https:\/\/blogs.diariovasco.com\/lacasadecora\/wp-includes\/js\/wp-embed.min.js\n<\/script>\n","description":"En esta oficina, vemos que no existen los t\u00edpicos puestos de trabajo. Las zonas de trabajo se realizan en espacios comunes, y los m\u00e1s puntuales en zonas m\u00e1s privadas. El espacio en general es abierto, para que los trabajadores, est\u00e9n conectados entre s\u00ed, puedan tomar algo en el office, tomarse un momento de relax\u2026, etc. [&hellip;]"}

En esta oficina, vemos que no existen los típicos puestos de trabajo. Las zonas de trabajo se realizan en espacios comunes, y los más puntuales en zonas más privadas. El espacio en general es abierto, para que los trabajadores, estén conectados entre sí, puedan tomar algo en el office, tomarse un momento de relax…, etc. [&hellip;]
