{"version":"1.0","provider_name":"Madre y aprendiz","provider_url":"https:\/\/blogs.diariovasco.com\/madre-aprendiz","author_name":"Cristina Saraldi","author_url":"https:\/\/blogs.diariovasco.com\/madre-aprendiz\/author\/madre-y-aprendiz\/","title":"5 libros infantiles recomendados para el d\u00eda del padre - Madre y aprendiz","type":"rich","width":600,"height":338,"html":"<blockquote class=\"wp-embedded-content\" data-secret=\"Md8FcEdbkb\"><a href=\"https:\/\/blogs.diariovasco.com\/madre-aprendiz\/2014\/03\/10\/5-libros-infantiles-dia-del-padre\/\">5 libros infantiles recomendados para el d\u00eda del padre<\/a><\/blockquote><iframe sandbox=\"allow-scripts\" security=\"restricted\" src=\"https:\/\/blogs.diariovasco.com\/madre-aprendiz\/2014\/03\/10\/5-libros-infantiles-dia-del-padre\/embed\/#?secret=Md8FcEdbkb\" width=\"600\" height=\"338\" title=\"&#8220;5 libros infantiles recomendados para el d\u00eda del padre&#8221; &#8212; Madre y aprendiz\" data-secret=\"Md8FcEdbkb\" frameborder=\"0\" marginwidth=\"0\" marginheight=\"0\" scrolling=\"no\" class=\"wp-embedded-content\"><\/iframe><script>\n\/*! This file is auto-generated *\/\n!function(d,l){\"use strict\";l.querySelector&&d.addEventListener&&\"undefined\"!=typeof URL&&(d.wp=d.wp||{},d.wp.receiveEmbedMessage||(d.wp.receiveEmbedMessage=function(e){var t=e.data;if((t||t.secret||t.message||t.value)&&!\/[^a-zA-Z0-9]\/.test(t.secret)){for(var s,r,n,a=l.querySelectorAll('iframe[data-secret=\"'+t.secret+'\"]'),o=l.querySelectorAll('blockquote[data-secret=\"'+t.secret+'\"]'),c=new RegExp(\"^https?:$\",\"i\"),i=0;i<o.length;i++)o[i].style.display=\"none\";for(i=0;i<a.length;i++)s=a[i],e.source===s.contentWindow&&(s.removeAttribute(\"style\"),\"height\"===t.message?(1e3<(r=parseInt(t.value,10))?r=1e3:~~r<200&&(r=200),s.height=r):\"link\"===t.message&&(r=new URL(s.getAttribute(\"src\")),n=new URL(t.value),c.test(n.protocol))&&n.host===r.host&&l.activeElement===s&&(d.top.location.href=t.value))}},d.addEventListener(\"message\",d.wp.receiveEmbedMessage,!1),l.addEventListener(\"DOMContentLoaded\",function(){for(var e,t,s=l.querySelectorAll(\"iframe.wp-embedded-content\"),r=0;r<s.length;r++)(t=(e=s[r]).getAttribute(\"data-secret\"))||(t=Math.random().toString(36).substring(2,12),e.src+=\"#?secret=\"+t,e.setAttribute(\"data-secret\",t)),e.contentWindow.postMessage({message:\"ready\",secret:t},\"*\")},!1)))}(window,document);\n\/\/# sourceURL=https:\/\/blogs.diariovasco.com\/madre-aprendiz\/wp-includes\/js\/wp-embed.min.js\n<\/script>\n","description":"Hoy comenzamos una nueva secci\u00f3n en el blog. Todos los meses nos acompa\u00f1ar\u00e1 Zaida P\u00e9rez G\u00f3mez, propietaria de la librer\u00eda Liberespacio. Un sitio m\u00e1gico en Madrid del que me enamor\u00e9 la primera vez que lo vi. Zaida y su espacio (nunca mejor dicho) desprenden una energ\u00eda que te atrapa (en el buen sentido) y que [&hellip;]"}

5 libros infantiles recomendados para el día del padre - Madre y aprendiz

<blockquote class="wp-embedded-content" data-secret="Md8FcEdbkb"><a href="https://blogs.diariovasco.com/madre-aprendiz/2014/03/10/5-libros-infantiles-dia-del-padre/">5 libros infantiles recomendados para el día del padre</a></blockquote><iframe sandbox="allow-scripts" security="restricted" src="https://blogs.diariovasco.com/madre-aprendiz/2014/03/10/5-libros-infantiles-dia-del-padre/embed/#?secret=Md8FcEdbkb" width="600" height="338" title="&#8220;5 libros infantiles recomendados para el día del padre&#8221; &#8212; Madre y aprendiz" data-secret="Md8FcEdbkb" frameborder="0" marginwidth="0" marginheight="0" scrolling="no" class="wp-embedded-content"></iframe><script>
/*! This file is auto-generated */
!function(d,l){"use strict";l.querySelector&&d.addEventListener&&"undefined"!=typeof URL&&(d.wp=d.wp||{},d.wp.receiveEmbedMessage||(d.wp.receiveEmbedMessage=function(e){var t=e.data;if((t||t.secret||t.message||t.value)&&!/[^a-zA-Z0-9]/.test(t.secret)){for(var s,r,n,a=l.querySelectorAll('iframe[data-secret="'+t.secret+'"]'),o=l.querySelectorAll('blockquote[data-secret="'+t.secret+'"]'),c=new RegExp("^https?:$","i"),i=0;i<o.length;i++)o[i].style.display="none";for(i=0;i<a.length;i++)s=a[i],e.source===s.contentWindow&&(s.removeAttribute("style"),"height"===t.message?(1e3<(r=parseInt(t.value,10))?r=1e3:~~r<200&&(r=200),s.height=r):"link"===t.message&&(r=new URL(s.getAttribute("src")),n=new URL(t.value),c.test(n.protocol))&&n.host===r.host&&l.activeElement===s&&(d.top.location.href=t.value))}},d.addEventListener("message",d.wp.receiveEmbedMessage,!1),l.addEventListener("DOMContentLoaded",function(){for(var e,t,s=l.querySelectorAll("iframe.wp-embedded-content"),r=0;r<s.length;r++)(t=(e=s[r]).getAttribute("data-secret"))||(t=Math.random().toString(36).substring(2,12),e.src+="#?secret="+t,e.setAttribute("data-secret",t)),e.contentWindow.postMessage({message:"ready",secret:t},"*")},!1)))}(window,document);
//# sourceURL=https://blogs.diariovasco.com/madre-aprendiz/wp-includes/js/wp-embed.min.js
</script>

Hoy comenzamos una nueva sección en el blog. Todos los meses nos acompañará Zaida Pérez Gómez, propietaria de la librería Liberespacio. Un sitio mágico en Madrid del que me enamoré la primera vez que lo vi. Zaida y su espacio (nunca mejor dicho) desprenden una energía que te atrapa (en el buen sentido) y que [&hellip;]
