{"version":"1.0","provider_name":"Madre y aprendiz","provider_url":"https:\/\/blogs.diariovasco.com\/madre-aprendiz","author_name":"Cristina Saraldi","author_url":"https:\/\/blogs.diariovasco.com\/madre-aprendiz\/author\/madre-y-aprendiz\/","title":"Madres de mi linaje - Madre y aprendiz","type":"rich","width":600,"height":338,"html":"<blockquote class=\"wp-embedded-content\" data-secret=\"N4SOd6wite\"><a href=\"https:\/\/blogs.diariovasco.com\/madre-aprendiz\/2014\/05\/04\/madres-de-mi-linaje\/\">Madres de mi linaje<\/a><\/blockquote><iframe sandbox=\"allow-scripts\" security=\"restricted\" src=\"https:\/\/blogs.diariovasco.com\/madre-aprendiz\/2014\/05\/04\/madres-de-mi-linaje\/embed\/#?secret=N4SOd6wite\" width=\"600\" height=\"338\" title=\"&#8220;Madres de mi linaje&#8221; &#8212; Madre y aprendiz\" data-secret=\"N4SOd6wite\" frameborder=\"0\" marginwidth=\"0\" marginheight=\"0\" scrolling=\"no\" class=\"wp-embedded-content\"><\/iframe><script>\n\/*! This file is auto-generated *\/\n!function(d,l){\"use strict\";l.querySelector&&d.addEventListener&&\"undefined\"!=typeof URL&&(d.wp=d.wp||{},d.wp.receiveEmbedMessage||(d.wp.receiveEmbedMessage=function(e){var t=e.data;if((t||t.secret||t.message||t.value)&&!\/[^a-zA-Z0-9]\/.test(t.secret)){for(var s,r,n,a=l.querySelectorAll('iframe[data-secret=\"'+t.secret+'\"]'),o=l.querySelectorAll('blockquote[data-secret=\"'+t.secret+'\"]'),c=new RegExp(\"^https?:$\",\"i\"),i=0;i<o.length;i++)o[i].style.display=\"none\";for(i=0;i<a.length;i++)s=a[i],e.source===s.contentWindow&&(s.removeAttribute(\"style\"),\"height\"===t.message?(1e3<(r=parseInt(t.value,10))?r=1e3:~~r<200&&(r=200),s.height=r):\"link\"===t.message&&(r=new URL(s.getAttribute(\"src\")),n=new URL(t.value),c.test(n.protocol))&&n.host===r.host&&l.activeElement===s&&(d.top.location.href=t.value))}},d.addEventListener(\"message\",d.wp.receiveEmbedMessage,!1),l.addEventListener(\"DOMContentLoaded\",function(){for(var e,t,s=l.querySelectorAll(\"iframe.wp-embedded-content\"),r=0;r<s.length;r++)(t=(e=s[r]).getAttribute(\"data-secret\"))||(t=Math.random().toString(36).substring(2,12),e.src+=\"#?secret=\"+t,e.setAttribute(\"data-secret\",t)),e.contentWindow.postMessage({message:\"ready\",secret:t},\"*\")},!1)))}(window,document);\n\/\/# sourceURL=https:\/\/blogs.diariovasco.com\/madre-aprendiz\/wp-includes\/js\/wp-embed.min.js\n<\/script>\n","description":"\u00bfSomos realmente conscientes de la carga maternal y femenina que nos acompa\u00f1a en nuestra vida? Por mi parte, jam\u00e1s hab\u00eda pensado en las madres de mi linaje hasta que me convert\u00ed en una de ellas. De hecho ha sido una maravilla conocer este concepto y saber que hay una herencia gen\u00e9tica y otra energ\u00e9tica en [&hellip;]"}

¿Somos realmente conscientes de la carga maternal y femenina que nos acompaña en nuestra vida? Por mi parte, jamás había pensado en las madres de mi linaje hasta que me convertí en una de ellas. De hecho ha sido una maravilla conocer este concepto y saber que hay una herencia genética y otra energética en [&hellip;]
