{"version":"1.0","provider_name":"Mirando a la bah\u00eda","provider_url":"https:\/\/blogs.diariovasco.com\/mirandoalabahia","author_name":"Carolina Isasi","author_url":"https:\/\/blogs.diariovasco.com\/mirandoalabahia\/author\/mirandoalabahia\/","title":"ARRANCA CANNES - Mirando a la bah\u00eda","type":"rich","width":600,"height":338,"html":"<blockquote class=\"wp-embedded-content\" data-secret=\"QdKccHyleW\"><a href=\"https:\/\/blogs.diariovasco.com\/mirandoalabahia\/2019\/05\/14\/arranca-cannes\/\">ARRANCA CANNES<\/a><\/blockquote><iframe sandbox=\"allow-scripts\" security=\"restricted\" src=\"https:\/\/blogs.diariovasco.com\/mirandoalabahia\/2019\/05\/14\/arranca-cannes\/embed\/#?secret=QdKccHyleW\" width=\"600\" height=\"338\" title=\"&#8220;ARRANCA CANNES&#8221; &#8212; Mirando a la bah\u00eda\" data-secret=\"QdKccHyleW\" frameborder=\"0\" marginwidth=\"0\" marginheight=\"0\" scrolling=\"no\" class=\"wp-embedded-content\"><\/iframe><script>\n\/*! This file is auto-generated *\/\n!function(d,l){\"use strict\";l.querySelector&&d.addEventListener&&\"undefined\"!=typeof URL&&(d.wp=d.wp||{},d.wp.receiveEmbedMessage||(d.wp.receiveEmbedMessage=function(e){var t=e.data;if((t||t.secret||t.message||t.value)&&!\/[^a-zA-Z0-9]\/.test(t.secret)){for(var s,r,n,a=l.querySelectorAll('iframe[data-secret=\"'+t.secret+'\"]'),o=l.querySelectorAll('blockquote[data-secret=\"'+t.secret+'\"]'),c=new RegExp(\"^https?:$\",\"i\"),i=0;i<o.length;i++)o[i].style.display=\"none\";for(i=0;i<a.length;i++)s=a[i],e.source===s.contentWindow&&(s.removeAttribute(\"style\"),\"height\"===t.message?(1e3<(r=parseInt(t.value,10))?r=1e3:~~r<200&&(r=200),s.height=r):\"link\"===t.message&&(r=new URL(s.getAttribute(\"src\")),n=new URL(t.value),c.test(n.protocol))&&n.host===r.host&&l.activeElement===s&&(d.top.location.href=t.value))}},d.addEventListener(\"message\",d.wp.receiveEmbedMessage,!1),l.addEventListener(\"DOMContentLoaded\",function(){for(var e,t,s=l.querySelectorAll(\"iframe.wp-embedded-content\"),r=0;r<s.length;r++)(t=(e=s[r]).getAttribute(\"data-secret\"))||(t=Math.random().toString(36).substring(2,12),e.src+=\"#?secret=\"+t,e.setAttribute(\"data-secret\",t)),e.contentWindow.postMessage({message:\"ready\",secret:t},\"*\")},!1)))}(window,document);\n\/\/# sourceURL=https:\/\/blogs.diariovasco.com\/mirandoalabahia\/wp-includes\/js\/wp-embed.min.js\n<\/script>\n","description":"Esta tarde, la proyecci\u00f3n de The Dead Don&#8217;t Die de\u00a0Jim Jarmusch \u00a0abre la\u00a0\u00a072 edici\u00f3n del Festival de Cannes con el mexicano\u00a0 Alejandro Gonz\u00e1lez I\u00f1\u00e1rritu como presidente del jurado de\u00a0la Secci\u00f3n Oficial\u00a0que proyectar\u00e1 los \u00faltimos trabajos de habituales como\u00a0Ken Loach, Quentin Tarantino , Pedro Almod\u00f3var o Terrence Malick. Nueve intensos d\u00edas intensos &#8211; el\u00a0palmar\u00e9s se conocer\u00e1 [&hellip;]","thumbnail_url":"https:\/\/blogs.diariovasco.com\/mirandoalabahia\/wp-content\/uploads\/sites\/23\/2019\/05\/1-300x150.jpg"}

Mirando a la bahía

ARRANCA CANNES - Mirando a la bahía

<blockquote class="wp-embedded-content" data-secret="QdKccHyleW"><a href="https://blogs.diariovasco.com/mirandoalabahia/2019/05/14/arranca-cannes/">ARRANCA CANNES</a></blockquote><iframe sandbox="allow-scripts" security="restricted" src="https://blogs.diariovasco.com/mirandoalabahia/2019/05/14/arranca-cannes/embed/#?secret=QdKccHyleW" width="600" height="338" title="&#8220;ARRANCA CANNES&#8221; &#8212; Mirando a la bahía" data-secret="QdKccHyleW" frameborder="0" marginwidth="0" marginheight="0" scrolling="no" class="wp-embedded-content"></iframe><script>
/*! This file is auto-generated */
!function(d,l){"use strict";l.querySelector&&d.addEventListener&&"undefined"!=typeof URL&&(d.wp=d.wp||{},d.wp.receiveEmbedMessage||(d.wp.receiveEmbedMessage=function(e){var t=e.data;if((t||t.secret||t.message||t.value)&&!/[^a-zA-Z0-9]/.test(t.secret)){for(var s,r,n,a=l.querySelectorAll('iframe[data-secret="'+t.secret+'"]'),o=l.querySelectorAll('blockquote[data-secret="'+t.secret+'"]'),c=new RegExp("^https?:$","i"),i=0;i<o.length;i++)o[i].style.display="none";for(i=0;i<a.length;i++)s=a[i],e.source===s.contentWindow&&(s.removeAttribute("style"),"height"===t.message?(1e3<(r=parseInt(t.value,10))?r=1e3:~~r<200&&(r=200),s.height=r):"link"===t.message&&(r=new URL(s.getAttribute("src")),n=new URL(t.value),c.test(n.protocol))&&n.host===r.host&&l.activeElement===s&&(d.top.location.href=t.value))}},d.addEventListener("message",d.wp.receiveEmbedMessage,!1),l.addEventListener("DOMContentLoaded",function(){for(var e,t,s=l.querySelectorAll("iframe.wp-embedded-content"),r=0;r<s.length;r++)(t=(e=s[r]).getAttribute("data-secret"))||(t=Math.random().toString(36).substring(2,12),e.src+="#?secret="+t,e.setAttribute("data-secret",t)),e.contentWindow.postMessage({message:"ready",secret:t},"*")},!1)))}(window,document);
//# sourceURL=https://blogs.diariovasco.com/mirandoalabahia/wp-includes/js/wp-embed.min.js
</script>

Esta tarde, la proyección de The Dead Don&#8217;t Die de Jim Jarmusch  abre la  72 edición del Festival de Cannes con el mexicano  Alejandro González Iñárritu como presidente del jurado de la Sección Oficial que proyectará los últimos trabajos de habituales como Ken Loach, Quentin Tarantino , Pedro Almodóvar o Terrence Malick. Nueve intensos días intensos &#8211; el palmarés se conocerá [&hellip;]
