{"version":"1.0","provider_name":"Mirando a la bah\u00eda","provider_url":"https:\/\/blogs.diariovasco.com\/mirandoalabahia","author_name":"Carolina Isasi","author_url":"https:\/\/blogs.diariovasco.com\/mirandoalabahia\/author\/mirandoalabahia\/","title":"BALENCIAGA EN EL THYSSEN - Mirando a la bah\u00eda","type":"rich","width":600,"height":338,"html":"<blockquote class=\"wp-embedded-content\" data-secret=\"L4JR6kOxcq\"><a href=\"https:\/\/blogs.diariovasco.com\/mirandoalabahia\/2019\/06\/22\/balenciaga-en-el-thyssen\/\">BALENCIAGA EN EL THYSSEN<\/a><\/blockquote><iframe sandbox=\"allow-scripts\" security=\"restricted\" src=\"https:\/\/blogs.diariovasco.com\/mirandoalabahia\/2019\/06\/22\/balenciaga-en-el-thyssen\/embed\/#?secret=L4JR6kOxcq\" width=\"600\" height=\"338\" title=\"&#8220;BALENCIAGA EN EL THYSSEN&#8221; &#8212; Mirando a la bah\u00eda\" data-secret=\"L4JR6kOxcq\" frameborder=\"0\" marginwidth=\"0\" marginheight=\"0\" scrolling=\"no\" class=\"wp-embedded-content\"><\/iframe><script>\n\/*! This file is auto-generated *\/\n!function(d,l){\"use strict\";l.querySelector&&d.addEventListener&&\"undefined\"!=typeof URL&&(d.wp=d.wp||{},d.wp.receiveEmbedMessage||(d.wp.receiveEmbedMessage=function(e){var t=e.data;if((t||t.secret||t.message||t.value)&&!\/[^a-zA-Z0-9]\/.test(t.secret)){for(var s,r,n,a=l.querySelectorAll('iframe[data-secret=\"'+t.secret+'\"]'),o=l.querySelectorAll('blockquote[data-secret=\"'+t.secret+'\"]'),c=new RegExp(\"^https?:$\",\"i\"),i=0;i<o.length;i++)o[i].style.display=\"none\";for(i=0;i<a.length;i++)s=a[i],e.source===s.contentWindow&&(s.removeAttribute(\"style\"),\"height\"===t.message?(1e3<(r=parseInt(t.value,10))?r=1e3:~~r<200&&(r=200),s.height=r):\"link\"===t.message&&(r=new URL(s.getAttribute(\"src\")),n=new URL(t.value),c.test(n.protocol))&&n.host===r.host&&l.activeElement===s&&(d.top.location.href=t.value))}},d.addEventListener(\"message\",d.wp.receiveEmbedMessage,!1),l.addEventListener(\"DOMContentLoaded\",function(){for(var e,t,s=l.querySelectorAll(\"iframe.wp-embedded-content\"),r=0;r<s.length;r++)(t=(e=s[r]).getAttribute(\"data-secret\"))||(t=Math.random().toString(36).substring(2,12),e.src+=\"#?secret=\"+t,e.setAttribute(\"data-secret\",t)),e.contentWindow.postMessage({message:\"ready\",secret:t},\"*\")},!1)))}(window,document);\n\/\/# sourceURL=https:\/\/blogs.diariovasco.com\/mirandoalabahia\/wp-includes\/js\/wp-embed.min.js\n<\/script>\n","description":"El Museo Thyssen-Bornemisza acoge una exposici\u00f3n que vincula la creaci\u00f3n de Crist\u00f3bal Balenciaga, el dise\u00f1ador de moda m\u00e1s admirado e influyente de todos los tiempos, con la tradici\u00f3n de la pintura espa\u00f1ola de los siglos XVI al XX. Se trata de la primera gran exposici\u00f3n dedicada al modisto vasco que se presenta en Madrid en [&hellip;]","thumbnail_url":"https:\/\/blogs.diariovasco.com\/mirandoalabahia\/wp-content\/uploads\/sites\/23\/2019\/06\/0-4-1-300x200.jpeg"}

Mirando a la bahía

BALENCIAGA EN EL THYSSEN - Mirando a la bahía

<blockquote class="wp-embedded-content" data-secret="L4JR6kOxcq"><a href="https://blogs.diariovasco.com/mirandoalabahia/2019/06/22/balenciaga-en-el-thyssen/">BALENCIAGA EN EL THYSSEN</a></blockquote><iframe sandbox="allow-scripts" security="restricted" src="https://blogs.diariovasco.com/mirandoalabahia/2019/06/22/balenciaga-en-el-thyssen/embed/#?secret=L4JR6kOxcq" width="600" height="338" title="&#8220;BALENCIAGA EN EL THYSSEN&#8221; &#8212; Mirando a la bahía" data-secret="L4JR6kOxcq" frameborder="0" marginwidth="0" marginheight="0" scrolling="no" class="wp-embedded-content"></iframe><script>
/*! This file is auto-generated */
!function(d,l){"use strict";l.querySelector&&d.addEventListener&&"undefined"!=typeof URL&&(d.wp=d.wp||{},d.wp.receiveEmbedMessage||(d.wp.receiveEmbedMessage=function(e){var t=e.data;if((t||t.secret||t.message||t.value)&&!/[^a-zA-Z0-9]/.test(t.secret)){for(var s,r,n,a=l.querySelectorAll('iframe[data-secret="'+t.secret+'"]'),o=l.querySelectorAll('blockquote[data-secret="'+t.secret+'"]'),c=new RegExp("^https?:$","i"),i=0;i<o.length;i++)o[i].style.display="none";for(i=0;i<a.length;i++)s=a[i],e.source===s.contentWindow&&(s.removeAttribute("style"),"height"===t.message?(1e3<(r=parseInt(t.value,10))?r=1e3:~~r<200&&(r=200),s.height=r):"link"===t.message&&(r=new URL(s.getAttribute("src")),n=new URL(t.value),c.test(n.protocol))&&n.host===r.host&&l.activeElement===s&&(d.top.location.href=t.value))}},d.addEventListener("message",d.wp.receiveEmbedMessage,!1),l.addEventListener("DOMContentLoaded",function(){for(var e,t,s=l.querySelectorAll("iframe.wp-embedded-content"),r=0;r<s.length;r++)(t=(e=s[r]).getAttribute("data-secret"))||(t=Math.random().toString(36).substring(2,12),e.src+="#?secret="+t,e.setAttribute("data-secret",t)),e.contentWindow.postMessage({message:"ready",secret:t},"*")},!1)))}(window,document);
//# sourceURL=https://blogs.diariovasco.com/mirandoalabahia/wp-includes/js/wp-embed.min.js
</script>

El Museo Thyssen-Bornemisza acoge una exposición que vincula la creación de Cristóbal Balenciaga, el diseñador de moda más admirado e influyente de todos los tiempos, con la tradición de la pintura española de los siglos XVI al XX. Se trata de la primera gran exposición dedicada al modisto vasco que se presenta en Madrid en [&hellip;]
