{"version":"1.0","provider_name":"Mon Oncle","provider_url":"https:\/\/blogs.diariovasco.com\/mononcle","author_name":"Ricardo Aldarondo","author_url":"https:\/\/blogs.diariovasco.com\/mononcle\/author\/raldarondo_1462233600\/","title":"Elvis Costello, San Sebasti\u00e1n, 1991 - Mon Oncle","type":"rich","width":600,"height":338,"html":"<blockquote class=\"wp-embedded-content\" data-secret=\"wvv2G0Hwb8\"><a href=\"https:\/\/blogs.diariovasco.com\/mononcle\/2010\/07\/28\/elvis_costello_san_sebastian_1991\/\">Elvis Costello, San Sebasti\u00e1n, 1991<\/a><\/blockquote><iframe sandbox=\"allow-scripts\" security=\"restricted\" src=\"https:\/\/blogs.diariovasco.com\/mononcle\/2010\/07\/28\/elvis_costello_san_sebastian_1991\/embed\/#?secret=wvv2G0Hwb8\" width=\"600\" height=\"338\" title=\"&#8220;Elvis Costello, San Sebasti\u00e1n, 1991&#8221; &#8212; Mon Oncle\" data-secret=\"wvv2G0Hwb8\" frameborder=\"0\" marginwidth=\"0\" marginheight=\"0\" scrolling=\"no\" class=\"wp-embedded-content\"><\/iframe><script>\n\/*! This file is auto-generated *\/\n!function(d,l){\"use strict\";l.querySelector&&d.addEventListener&&\"undefined\"!=typeof URL&&(d.wp=d.wp||{},d.wp.receiveEmbedMessage||(d.wp.receiveEmbedMessage=function(e){var t=e.data;if((t||t.secret||t.message||t.value)&&!\/[^a-zA-Z0-9]\/.test(t.secret)){for(var s,r,n,a=l.querySelectorAll('iframe[data-secret=\"'+t.secret+'\"]'),o=l.querySelectorAll('blockquote[data-secret=\"'+t.secret+'\"]'),c=new RegExp(\"^https?:$\",\"i\"),i=0;i<o.length;i++)o[i].style.display=\"none\";for(i=0;i<a.length;i++)s=a[i],e.source===s.contentWindow&&(s.removeAttribute(\"style\"),\"height\"===t.message?(1e3<(r=parseInt(t.value,10))?r=1e3:~~r<200&&(r=200),s.height=r):\"link\"===t.message&&(r=new URL(s.getAttribute(\"src\")),n=new URL(t.value),c.test(n.protocol))&&n.host===r.host&&l.activeElement===s&&(d.top.location.href=t.value))}},d.addEventListener(\"message\",d.wp.receiveEmbedMessage,!1),l.addEventListener(\"DOMContentLoaded\",function(){for(var e,t,s=l.querySelectorAll(\"iframe.wp-embedded-content\"),r=0;r<s.length;r++)(t=(e=s[r]).getAttribute(\"data-secret\"))||(t=Math.random().toString(36).substring(2,12),e.src+=\"#?secret=\"+t,e.setAttribute(\"data-secret\",t)),e.contentWindow.postMessage({message:\"ready\",secret:t},\"*\")},!1)))}(window,document);\n\/\/# sourceURL=https:\/\/blogs.diariovasco.com\/mononcle\/wp-includes\/js\/wp-embed.min.js\n<\/script>\n","description":"Elvis Costello ya est\u00e1 en los anales (con perd\u00f3n) de la m\u00fasica en San Sebasti\u00e1n, con sus dos gloriosas actuaciones en el Jazzaldia. Pero habr\u00eda que recordar tambi\u00e9n la primera de sus tres visitas, cuando en 1991 actu\u00f3 en el Polideportivo da Anoeta. Fue concretamente el 27 de julio de 1991 (qu\u00e9 casualidad las tres [&hellip;]"}

Elvis Costello, San Sebastián, 1991 - Mon Oncle

<blockquote class="wp-embedded-content" data-secret="wvv2G0Hwb8"><a href="https://blogs.diariovasco.com/mononcle/2010/07/28/elvis_costello_san_sebastian_1991/">Elvis Costello, San Sebastián, 1991</a></blockquote><iframe sandbox="allow-scripts" security="restricted" src="https://blogs.diariovasco.com/mononcle/2010/07/28/elvis_costello_san_sebastian_1991/embed/#?secret=wvv2G0Hwb8" width="600" height="338" title="&#8220;Elvis Costello, San Sebastián, 1991&#8221; &#8212; Mon Oncle" data-secret="wvv2G0Hwb8" frameborder="0" marginwidth="0" marginheight="0" scrolling="no" class="wp-embedded-content"></iframe><script>
/*! This file is auto-generated */
!function(d,l){"use strict";l.querySelector&&d.addEventListener&&"undefined"!=typeof URL&&(d.wp=d.wp||{},d.wp.receiveEmbedMessage||(d.wp.receiveEmbedMessage=function(e){var t=e.data;if((t||t.secret||t.message||t.value)&&!/[^a-zA-Z0-9]/.test(t.secret)){for(var s,r,n,a=l.querySelectorAll('iframe[data-secret="'+t.secret+'"]'),o=l.querySelectorAll('blockquote[data-secret="'+t.secret+'"]'),c=new RegExp("^https?:$","i"),i=0;i<o.length;i++)o[i].style.display="none";for(i=0;i<a.length;i++)s=a[i],e.source===s.contentWindow&&(s.removeAttribute("style"),"height"===t.message?(1e3<(r=parseInt(t.value,10))?r=1e3:~~r<200&&(r=200),s.height=r):"link"===t.message&&(r=new URL(s.getAttribute("src")),n=new URL(t.value),c.test(n.protocol))&&n.host===r.host&&l.activeElement===s&&(d.top.location.href=t.value))}},d.addEventListener("message",d.wp.receiveEmbedMessage,!1),l.addEventListener("DOMContentLoaded",function(){for(var e,t,s=l.querySelectorAll("iframe.wp-embedded-content"),r=0;r<s.length;r++)(t=(e=s[r]).getAttribute("data-secret"))||(t=Math.random().toString(36).substring(2,12),e.src+="#?secret="+t,e.setAttribute("data-secret",t)),e.contentWindow.postMessage({message:"ready",secret:t},"*")},!1)))}(window,document);
//# sourceURL=https://blogs.diariovasco.com/mononcle/wp-includes/js/wp-embed.min.js
</script>

Elvis Costello ya está en los anales (con perdón) de la música en San Sebastián, con sus dos gloriosas actuaciones en el Jazzaldia. Pero habría que recordar también la primera de sus tres visitas, cuando en 1991 actuó en el Polideportivo da Anoeta. Fue concretamente el 27 de julio de 1991 (qué casualidad las tres [&hellip;]
