{"version":"1.0","provider_name":"Mon Oncle","provider_url":"https:\/\/blogs.diariovasco.com\/mononcle","author_name":"Ricardo Aldarondo","author_url":"https:\/\/blogs.diariovasco.com\/mononcle\/author\/raldarondo_1462233600\/","title":"Reencuentro peri\u00f3dico con Andr\u00e9s Trapiello - Mon Oncle","type":"rich","width":600,"height":338,"html":"<blockquote class=\"wp-embedded-content\" data-secret=\"RX5fhCan6j\"><a href=\"https:\/\/blogs.diariovasco.com\/mononcle\/2011\/02\/02\/reencuentro_periodico_con_andres_trapiel\/\">Reencuentro peri\u00f3dico con Andr\u00e9s Trapiello<\/a><\/blockquote><iframe sandbox=\"allow-scripts\" security=\"restricted\" src=\"https:\/\/blogs.diariovasco.com\/mononcle\/2011\/02\/02\/reencuentro_periodico_con_andres_trapiel\/embed\/#?secret=RX5fhCan6j\" width=\"600\" height=\"338\" title=\"&#8220;Reencuentro peri\u00f3dico con Andr\u00e9s Trapiello&#8221; &#8212; Mon Oncle\" data-secret=\"RX5fhCan6j\" frameborder=\"0\" marginwidth=\"0\" marginheight=\"0\" scrolling=\"no\" class=\"wp-embedded-content\"><\/iframe><script>\n\/*! This file is auto-generated *\/\n!function(d,l){\"use strict\";l.querySelector&&d.addEventListener&&\"undefined\"!=typeof URL&&(d.wp=d.wp||{},d.wp.receiveEmbedMessage||(d.wp.receiveEmbedMessage=function(e){var t=e.data;if((t||t.secret||t.message||t.value)&&!\/[^a-zA-Z0-9]\/.test(t.secret)){for(var s,r,n,a=l.querySelectorAll('iframe[data-secret=\"'+t.secret+'\"]'),o=l.querySelectorAll('blockquote[data-secret=\"'+t.secret+'\"]'),c=new RegExp(\"^https?:$\",\"i\"),i=0;i<o.length;i++)o[i].style.display=\"none\";for(i=0;i<a.length;i++)s=a[i],e.source===s.contentWindow&&(s.removeAttribute(\"style\"),\"height\"===t.message?(1e3<(r=parseInt(t.value,10))?r=1e3:~~r<200&&(r=200),s.height=r):\"link\"===t.message&&(r=new URL(s.getAttribute(\"src\")),n=new URL(t.value),c.test(n.protocol))&&n.host===r.host&&l.activeElement===s&&(d.top.location.href=t.value))}},d.addEventListener(\"message\",d.wp.receiveEmbedMessage,!1),l.addEventListener(\"DOMContentLoaded\",function(){for(var e,t,s=l.querySelectorAll(\"iframe.wp-embedded-content\"),r=0;r<s.length;r++)(t=(e=s[r]).getAttribute(\"data-secret\"))||(t=Math.random().toString(36).substring(2,12),e.src+=\"#?secret=\"+t,e.setAttribute(\"data-secret\",t)),e.contentWindow.postMessage({message:\"ready\",secret:t},\"*\")},!1)))}(window,document);\n\/\/# sourceURL=https:\/\/blogs.diariovasco.com\/mononcle\/wp-includes\/js\/wp-embed.min.js\n<\/script>\n","description":"Uno de esos placeres que se renuevan cada a\u00f1o es el reencuentro con un nuevo tomo de los diarios de Andr\u00e9s Trapiello. A uno le gusta \u00faltimamente empezar el a\u00f1o con una nueva entrega del llamado Sal\u00f3n de los Pasos Perdidos, porque tambi\u00e9n Trapiello comienza cada volumen de la serie con lo que le ocurri\u00f3 [&hellip;]"}

Reencuentro periódico con Andrés Trapiello - Mon Oncle

<blockquote class="wp-embedded-content" data-secret="RX5fhCan6j"><a href="https://blogs.diariovasco.com/mononcle/2011/02/02/reencuentro_periodico_con_andres_trapiel/">Reencuentro periódico con Andrés Trapiello</a></blockquote><iframe sandbox="allow-scripts" security="restricted" src="https://blogs.diariovasco.com/mononcle/2011/02/02/reencuentro_periodico_con_andres_trapiel/embed/#?secret=RX5fhCan6j" width="600" height="338" title="&#8220;Reencuentro periódico con Andrés Trapiello&#8221; &#8212; Mon Oncle" data-secret="RX5fhCan6j" frameborder="0" marginwidth="0" marginheight="0" scrolling="no" class="wp-embedded-content"></iframe><script>
/*! This file is auto-generated */
!function(d,l){"use strict";l.querySelector&&d.addEventListener&&"undefined"!=typeof URL&&(d.wp=d.wp||{},d.wp.receiveEmbedMessage||(d.wp.receiveEmbedMessage=function(e){var t=e.data;if((t||t.secret||t.message||t.value)&&!/[^a-zA-Z0-9]/.test(t.secret)){for(var s,r,n,a=l.querySelectorAll('iframe[data-secret="'+t.secret+'"]'),o=l.querySelectorAll('blockquote[data-secret="'+t.secret+'"]'),c=new RegExp("^https?:$","i"),i=0;i<o.length;i++)o[i].style.display="none";for(i=0;i<a.length;i++)s=a[i],e.source===s.contentWindow&&(s.removeAttribute("style"),"height"===t.message?(1e3<(r=parseInt(t.value,10))?r=1e3:~~r<200&&(r=200),s.height=r):"link"===t.message&&(r=new URL(s.getAttribute("src")),n=new URL(t.value),c.test(n.protocol))&&n.host===r.host&&l.activeElement===s&&(d.top.location.href=t.value))}},d.addEventListener("message",d.wp.receiveEmbedMessage,!1),l.addEventListener("DOMContentLoaded",function(){for(var e,t,s=l.querySelectorAll("iframe.wp-embedded-content"),r=0;r<s.length;r++)(t=(e=s[r]).getAttribute("data-secret"))||(t=Math.random().toString(36).substring(2,12),e.src+="#?secret="+t,e.setAttribute("data-secret",t)),e.contentWindow.postMessage({message:"ready",secret:t},"*")},!1)))}(window,document);
//# sourceURL=https://blogs.diariovasco.com/mononcle/wp-includes/js/wp-embed.min.js
</script>

Uno de esos placeres que se renuevan cada año es el reencuentro con un nuevo tomo de los diarios de Andrés Trapiello. A uno le gusta últimamente empezar el año con una nueva entrega del llamado Salón de los Pasos Perdidos, porque también Trapiello comienza cada volumen de la serie con lo que le ocurrió [&hellip;]
