{"version":"1.0","provider_name":"Mon Oncle","provider_url":"https:\/\/blogs.diariovasco.com\/mononcle","author_name":"Ricardo Aldarondo","author_url":"https:\/\/blogs.diariovasco.com\/mononcle\/author\/raldarondo_1462233600\/","title":"Aliados en Nantes - Mon Oncle","type":"rich","width":600,"height":338,"html":"<blockquote class=\"wp-embedded-content\" data-secret=\"IIVWjx8Tr8\"><a href=\"https:\/\/blogs.diariovasco.com\/mononcle\/2016\/03\/30\/aliados-en-nantes\/\">Aliados en Nantes<\/a><\/blockquote><iframe sandbox=\"allow-scripts\" security=\"restricted\" src=\"https:\/\/blogs.diariovasco.com\/mononcle\/2016\/03\/30\/aliados-en-nantes\/embed\/#?secret=IIVWjx8Tr8\" width=\"600\" height=\"338\" title=\"&#8220;Aliados en Nantes&#8221; &#8212; Mon Oncle\" data-secret=\"IIVWjx8Tr8\" frameborder=\"0\" marginwidth=\"0\" marginheight=\"0\" scrolling=\"no\" class=\"wp-embedded-content\"><\/iframe><script>\n\/*! This file is auto-generated *\/\n!function(d,l){\"use strict\";l.querySelector&&d.addEventListener&&\"undefined\"!=typeof URL&&(d.wp=d.wp||{},d.wp.receiveEmbedMessage||(d.wp.receiveEmbedMessage=function(e){var t=e.data;if((t||t.secret||t.message||t.value)&&!\/[^a-zA-Z0-9]\/.test(t.secret)){for(var s,r,n,a=l.querySelectorAll('iframe[data-secret=\"'+t.secret+'\"]'),o=l.querySelectorAll('blockquote[data-secret=\"'+t.secret+'\"]'),c=new RegExp(\"^https?:$\",\"i\"),i=0;i<o.length;i++)o[i].style.display=\"none\";for(i=0;i<a.length;i++)s=a[i],e.source===s.contentWindow&&(s.removeAttribute(\"style\"),\"height\"===t.message?(1e3<(r=parseInt(t.value,10))?r=1e3:~~r<200&&(r=200),s.height=r):\"link\"===t.message&&(r=new URL(s.getAttribute(\"src\")),n=new URL(t.value),c.test(n.protocol))&&n.host===r.host&&l.activeElement===s&&(d.top.location.href=t.value))}},d.addEventListener(\"message\",d.wp.receiveEmbedMessage,!1),l.addEventListener(\"DOMContentLoaded\",function(){for(var e,t,s=l.querySelectorAll(\"iframe.wp-embedded-content\"),r=0;r<s.length;r++)(t=(e=s[r]).getAttribute(\"data-secret\"))||(t=Math.random().toString(36).substring(2,12),e.src+=\"#?secret=\"+t,e.setAttribute(\"data-secret\",t)),e.contentWindow.postMessage({message:\"ready\",secret:t},\"*\")},!1)))}(window,document);\n\/\/# sourceURL=https:\/\/blogs.diariovasco.com\/mononcle\/wp-includes\/js\/wp-embed.min.js\n<\/script>\n","description":"Se ha celebrado estos d\u00edas el Festival de Cinema Espagnol de\u00a0Nantes. Y uno, invitado all\u00ed para formar parte del jurado de documentales, se asombra del inter\u00e9s que el p\u00fablico tiene en una ciudad que anta\u00f1o fue de astilleros y hoy de cultura. El Festival de\u00a0Nantes\u00a0sigue contando cada a\u00f1o con la &#8220;fenetre basque&#8221;, y en la [&hellip;]"}

Se ha celebrado estos días el Festival de Cinema Espagnol de Nantes. Y uno, invitado allí para formar parte del jurado de documentales, se asombra del interés que el público tiene en una ciudad que antaño fue de astilleros y hoy de cultura. El Festival de Nantes sigue contando cada año con la &#8220;fenetre basque&#8221;, y en la [&hellip;]
