{"version":"1.0","provider_name":"Mon Oncle","provider_url":"https:\/\/blogs.diariovasco.com\/mononcle","author_name":"Ricardo Aldarondo","author_url":"https:\/\/blogs.diariovasco.com\/mononcle\/author\/raldarondo_1462233600\/","title":"Desde Cannes (3): Jim Jarmusch y Jeff Nichols - Mon Oncle","type":"rich","width":600,"height":338,"html":"<blockquote class=\"wp-embedded-content\" data-secret=\"wSfYl3eJdp\"><a href=\"https:\/\/blogs.diariovasco.com\/mononcle\/2016\/05\/22\/desde-cannes-3-jim-jarmusch-y-jeff-nichols\/\">Desde Cannes (3): Jim Jarmusch y Jeff Nichols<\/a><\/blockquote><iframe sandbox=\"allow-scripts\" security=\"restricted\" src=\"https:\/\/blogs.diariovasco.com\/mononcle\/2016\/05\/22\/desde-cannes-3-jim-jarmusch-y-jeff-nichols\/embed\/#?secret=wSfYl3eJdp\" width=\"600\" height=\"338\" title=\"&#8220;Desde Cannes (3): Jim Jarmusch y Jeff Nichols&#8221; &#8212; Mon Oncle\" data-secret=\"wSfYl3eJdp\" frameborder=\"0\" marginwidth=\"0\" marginheight=\"0\" scrolling=\"no\" class=\"wp-embedded-content\"><\/iframe><script>\n\/*! This file is auto-generated *\/\n!function(d,l){\"use strict\";l.querySelector&&d.addEventListener&&\"undefined\"!=typeof URL&&(d.wp=d.wp||{},d.wp.receiveEmbedMessage||(d.wp.receiveEmbedMessage=function(e){var t=e.data;if((t||t.secret||t.message||t.value)&&!\/[^a-zA-Z0-9]\/.test(t.secret)){for(var s,r,n,a=l.querySelectorAll('iframe[data-secret=\"'+t.secret+'\"]'),o=l.querySelectorAll('blockquote[data-secret=\"'+t.secret+'\"]'),c=new RegExp(\"^https?:$\",\"i\"),i=0;i<o.length;i++)o[i].style.display=\"none\";for(i=0;i<a.length;i++)s=a[i],e.source===s.contentWindow&&(s.removeAttribute(\"style\"),\"height\"===t.message?(1e3<(r=parseInt(t.value,10))?r=1e3:~~r<200&&(r=200),s.height=r):\"link\"===t.message&&(r=new URL(s.getAttribute(\"src\")),n=new URL(t.value),c.test(n.protocol))&&n.host===r.host&&l.activeElement===s&&(d.top.location.href=t.value))}},d.addEventListener(\"message\",d.wp.receiveEmbedMessage,!1),l.addEventListener(\"DOMContentLoaded\",function(){for(var e,t,s=l.querySelectorAll(\"iframe.wp-embedded-content\"),r=0;r<s.length;r++)(t=(e=s[r]).getAttribute(\"data-secret\"))||(t=Math.random().toString(36).substring(2,12),e.src+=\"#?secret=\"+t,e.setAttribute(\"data-secret\",t)),e.contentWindow.postMessage({message:\"ready\",secret:t},\"*\")},!1)))}(window,document);\n\/\/# sourceURL=https:\/\/blogs.diariovasco.com\/mononcle\/wp-includes\/js\/wp-embed.min.js\n<\/script>\n","description":"Cuando se aplica el adjetivo &#8216;po\u00e9tica&#8217; a una pel\u00edcula, saltan todas las alarmas. Lo m\u00e1s probable es que sea bella, evocadora o incluso cursi. Pero nada que ver con la poes\u00eda. Todos caemos en la tentaci\u00f3n de ese adjetivo. Jim Jarmusch no ha hecho con Paterson una pel\u00edcula po\u00e9tica, pero pocas veces el cine ha [&hellip;]"}

Cuando se aplica el adjetivo &#8216;poética&#8217; a una película, saltan todas las alarmas. Lo más probable es que sea bella, evocadora o incluso cursi. Pero nada que ver con la poesía. Todos caemos en la tentación de ese adjetivo. Jim Jarmusch no ha hecho con Paterson una película poética, pero pocas veces el cine ha [&hellip;]
