{"version":"1.0","provider_name":"A todo motor","provider_url":"https:\/\/blogs.diariovasco.com\/motor","author_name":"Juan Ignacio Viedma \/ Andr\u00e9s Viedma","author_url":"https:\/\/blogs.diariovasco.com\/motor\/author\/charly-viedmacarsdv_5058-2-2\/","title":"C\u00f3mo usar los antinieblas correctamente - A todo motor","type":"rich","width":600,"height":338,"html":"<blockquote class=\"wp-embedded-content\" data-secret=\"BUqyhCgo70\"><a href=\"https:\/\/blogs.diariovasco.com\/motor\/2018\/01\/16\/como-usar-los-antinieblas-correctamente\/\">C\u00f3mo usar los antinieblas correctamente<\/a><\/blockquote><iframe sandbox=\"allow-scripts\" security=\"restricted\" src=\"https:\/\/blogs.diariovasco.com\/motor\/2018\/01\/16\/como-usar-los-antinieblas-correctamente\/embed\/#?secret=BUqyhCgo70\" width=\"600\" height=\"338\" title=\"&#8220;C\u00f3mo usar los antinieblas correctamente&#8221; &#8212; A todo motor\" data-secret=\"BUqyhCgo70\" frameborder=\"0\" marginwidth=\"0\" marginheight=\"0\" scrolling=\"no\" class=\"wp-embedded-content\"><\/iframe><script>\n\/*! This file is auto-generated *\/\n!function(d,l){\"use strict\";l.querySelector&&d.addEventListener&&\"undefined\"!=typeof URL&&(d.wp=d.wp||{},d.wp.receiveEmbedMessage||(d.wp.receiveEmbedMessage=function(e){var t=e.data;if((t||t.secret||t.message||t.value)&&!\/[^a-zA-Z0-9]\/.test(t.secret)){for(var s,r,n,a=l.querySelectorAll('iframe[data-secret=\"'+t.secret+'\"]'),o=l.querySelectorAll('blockquote[data-secret=\"'+t.secret+'\"]'),c=new RegExp(\"^https?:$\",\"i\"),i=0;i<o.length;i++)o[i].style.display=\"none\";for(i=0;i<a.length;i++)s=a[i],e.source===s.contentWindow&&(s.removeAttribute(\"style\"),\"height\"===t.message?(1e3<(r=parseInt(t.value,10))?r=1e3:~~r<200&&(r=200),s.height=r):\"link\"===t.message&&(r=new URL(s.getAttribute(\"src\")),n=new URL(t.value),c.test(n.protocol))&&n.host===r.host&&l.activeElement===s&&(d.top.location.href=t.value))}},d.addEventListener(\"message\",d.wp.receiveEmbedMessage,!1),l.addEventListener(\"DOMContentLoaded\",function(){for(var e,t,s=l.querySelectorAll(\"iframe.wp-embedded-content\"),r=0;r<s.length;r++)(t=(e=s[r]).getAttribute(\"data-secret\"))||(t=Math.random().toString(36).substring(2,12),e.src+=\"#?secret=\"+t,e.setAttribute(\"data-secret\",t)),e.contentWindow.postMessage({message:\"ready\",secret:t},\"*\")},!1)))}(window,document);\n\/\/# sourceURL=https:\/\/blogs.diariovasco.com\/motor\/wp-includes\/js\/wp-embed.min.js\n<\/script>\n","description":"&nbsp; Estamos en una \u00e9poca del a\u00f1o en el que la meteorolog\u00eda no suele ayudar, precisamente, a los conductores. Mucha lluvia, nieblas intensas y hasta nevadas se pueden encontrar en cualquier desplazamiento. Por esto es preciso tener muy claro cuando utilizar los antinieblas. Muchos conductores en alguna ocasi\u00f3n han utilizado las luces antiniebla de forma [&hellip;]","thumbnail_url":"http:\/\/blogs.diariovasco.com\/motor\/wp-content\/uploads\/sites\/9\/2018\/01\/FOTO-NOTICIA-ANTINIEBLAS-300x157.jpg"}

Juan Ignacio Viedma / Andrés Viedma

Cómo usar los antinieblas correctamente - A todo motor

<blockquote class="wp-embedded-content" data-secret="BUqyhCgo70"><a href="https://blogs.diariovasco.com/motor/2018/01/16/como-usar-los-antinieblas-correctamente/">Cómo usar los antinieblas correctamente</a></blockquote><iframe sandbox="allow-scripts" security="restricted" src="https://blogs.diariovasco.com/motor/2018/01/16/como-usar-los-antinieblas-correctamente/embed/#?secret=BUqyhCgo70" width="600" height="338" title="&#8220;Cómo usar los antinieblas correctamente&#8221; &#8212; A todo motor" data-secret="BUqyhCgo70" frameborder="0" marginwidth="0" marginheight="0" scrolling="no" class="wp-embedded-content"></iframe><script>
/*! This file is auto-generated */
!function(d,l){"use strict";l.querySelector&&d.addEventListener&&"undefined"!=typeof URL&&(d.wp=d.wp||{},d.wp.receiveEmbedMessage||(d.wp.receiveEmbedMessage=function(e){var t=e.data;if((t||t.secret||t.message||t.value)&&!/[^a-zA-Z0-9]/.test(t.secret)){for(var s,r,n,a=l.querySelectorAll('iframe[data-secret="'+t.secret+'"]'),o=l.querySelectorAll('blockquote[data-secret="'+t.secret+'"]'),c=new RegExp("^https?:$","i"),i=0;i<o.length;i++)o[i].style.display="none";for(i=0;i<a.length;i++)s=a[i],e.source===s.contentWindow&&(s.removeAttribute("style"),"height"===t.message?(1e3<(r=parseInt(t.value,10))?r=1e3:~~r<200&&(r=200),s.height=r):"link"===t.message&&(r=new URL(s.getAttribute("src")),n=new URL(t.value),c.test(n.protocol))&&n.host===r.host&&l.activeElement===s&&(d.top.location.href=t.value))}},d.addEventListener("message",d.wp.receiveEmbedMessage,!1),l.addEventListener("DOMContentLoaded",function(){for(var e,t,s=l.querySelectorAll("iframe.wp-embedded-content"),r=0;r<s.length;r++)(t=(e=s[r]).getAttribute("data-secret"))||(t=Math.random().toString(36).substring(2,12),e.src+="#?secret="+t,e.setAttribute("data-secret",t)),e.contentWindow.postMessage({message:"ready",secret:t},"*")},!1)))}(window,document);
//# sourceURL=https://blogs.diariovasco.com/motor/wp-includes/js/wp-embed.min.js
</script>

&nbsp; Estamos en una época del año en el que la meteorología no suele ayudar, precisamente, a los conductores. Mucha lluvia, nieblas intensas y hasta nevadas se pueden encontrar en cualquier desplazamiento. Por esto es preciso tener muy claro cuando utilizar los antinieblas. Muchos conductores en alguna ocasión han utilizado las luces antiniebla de forma [&hellip;]
