{"version":"1.0","provider_name":"Series para gourmets","provider_url":"https:\/\/blogs.diariovasco.com\/series-gourmets","author_name":"Lorenzo Mejino","author_url":"https:\/\/blogs.diariovasco.com\/series-gourmets\/author\/bouvier\/","title":"\u00a1Garcia!: el gran superh\u00e9roe castellano - Series para gourmets","type":"rich","width":600,"height":338,"html":"<blockquote class=\"wp-embedded-content\" data-secret=\"mPp6v1Irfk\"><a href=\"https:\/\/blogs.diariovasco.com\/series-gourmets\/2022\/12\/21\/garcia-el-gran-superheroe-castellano\/\">\u00a1Garcia!:  el gran superh\u00e9roe castellano<\/a><\/blockquote><iframe sandbox=\"allow-scripts\" security=\"restricted\" src=\"https:\/\/blogs.diariovasco.com\/series-gourmets\/2022\/12\/21\/garcia-el-gran-superheroe-castellano\/embed\/#?secret=mPp6v1Irfk\" width=\"600\" height=\"338\" title=\"&#8220;\u00a1Garcia!:  el gran superh\u00e9roe castellano&#8221; &#8212; Series para gourmets\" data-secret=\"mPp6v1Irfk\" frameborder=\"0\" marginwidth=\"0\" marginheight=\"0\" scrolling=\"no\" class=\"wp-embedded-content\"><\/iframe><script>\n\/*! This file is auto-generated *\/\n!function(d,l){\"use strict\";l.querySelector&&d.addEventListener&&\"undefined\"!=typeof URL&&(d.wp=d.wp||{},d.wp.receiveEmbedMessage||(d.wp.receiveEmbedMessage=function(e){var t=e.data;if((t||t.secret||t.message||t.value)&&!\/[^a-zA-Z0-9]\/.test(t.secret)){for(var s,r,n,a=l.querySelectorAll('iframe[data-secret=\"'+t.secret+'\"]'),o=l.querySelectorAll('blockquote[data-secret=\"'+t.secret+'\"]'),c=new RegExp(\"^https?:$\",\"i\"),i=0;i<o.length;i++)o[i].style.display=\"none\";for(i=0;i<a.length;i++)s=a[i],e.source===s.contentWindow&&(s.removeAttribute(\"style\"),\"height\"===t.message?(1e3<(r=parseInt(t.value,10))?r=1e3:~~r<200&&(r=200),s.height=r):\"link\"===t.message&&(r=new URL(s.getAttribute(\"src\")),n=new URL(t.value),c.test(n.protocol))&&n.host===r.host&&l.activeElement===s&&(d.top.location.href=t.value))}},d.addEventListener(\"message\",d.wp.receiveEmbedMessage,!1),l.addEventListener(\"DOMContentLoaded\",function(){for(var e,t,s=l.querySelectorAll(\"iframe.wp-embedded-content\"),r=0;r<s.length;r++)(t=(e=s[r]).getAttribute(\"data-secret\"))||(t=Math.random().toString(36).substring(2,12),e.src+=\"#?secret=\"+t,e.setAttribute(\"data-secret\",t)),e.contentWindow.postMessage({message:\"ready\",secret:t},\"*\")},!1)))}(window,document);\n\/\/# sourceURL=https:\/\/blogs.diariovasco.com\/series-gourmets\/wp-includes\/js\/wp-embed.min.js\n<\/script>\n","thumbnail_url":"https:\/\/blogs.diariovasco.com\/series-gourmets\/wp-content\/uploads\/sites\/37\/2022\/12\/destacada-3.jpg","thumbnail_width":1440,"thumbnail_height":810,"description":"Las adaptaciones de c\u00f3mics se han convertido en la principal fuente de inspiraci\u00f3n para muchas series y miniseries, un fen\u00f3meno al que nuestro pa\u00eds no ha sido ajeno con diversas propuestas recientes pero que ninguna ha alcanzado el nivel de calidad de \u00a1Garc\u00eda!, la adaptaci\u00f3n de la novela gr\u00e1fica del mismo nombre escrito por Santiago [&hellip;]"}

¡Garcia!: el gran superhéroe castellano - Series para gourmets

<blockquote class="wp-embedded-content" data-secret="mPp6v1Irfk"><a href="https://blogs.diariovasco.com/series-gourmets/2022/12/21/garcia-el-gran-superheroe-castellano/">¡Garcia!:  el gran superhéroe castellano</a></blockquote><iframe sandbox="allow-scripts" security="restricted" src="https://blogs.diariovasco.com/series-gourmets/2022/12/21/garcia-el-gran-superheroe-castellano/embed/#?secret=mPp6v1Irfk" width="600" height="338" title="&#8220;¡Garcia!:  el gran superhéroe castellano&#8221; &#8212; Series para gourmets" data-secret="mPp6v1Irfk" frameborder="0" marginwidth="0" marginheight="0" scrolling="no" class="wp-embedded-content"></iframe><script>
/*! This file is auto-generated */
!function(d,l){"use strict";l.querySelector&&d.addEventListener&&"undefined"!=typeof URL&&(d.wp=d.wp||{},d.wp.receiveEmbedMessage||(d.wp.receiveEmbedMessage=function(e){var t=e.data;if((t||t.secret||t.message||t.value)&&!/[^a-zA-Z0-9]/.test(t.secret)){for(var s,r,n,a=l.querySelectorAll('iframe[data-secret="'+t.secret+'"]'),o=l.querySelectorAll('blockquote[data-secret="'+t.secret+'"]'),c=new RegExp("^https?:$","i"),i=0;i<o.length;i++)o[i].style.display="none";for(i=0;i<a.length;i++)s=a[i],e.source===s.contentWindow&&(s.removeAttribute("style"),"height"===t.message?(1e3<(r=parseInt(t.value,10))?r=1e3:~~r<200&&(r=200),s.height=r):"link"===t.message&&(r=new URL(s.getAttribute("src")),n=new URL(t.value),c.test(n.protocol))&&n.host===r.host&&l.activeElement===s&&(d.top.location.href=t.value))}},d.addEventListener("message",d.wp.receiveEmbedMessage,!1),l.addEventListener("DOMContentLoaded",function(){for(var e,t,s=l.querySelectorAll("iframe.wp-embedded-content"),r=0;r<s.length;r++)(t=(e=s[r]).getAttribute("data-secret"))||(t=Math.random().toString(36).substring(2,12),e.src+="#?secret="+t,e.setAttribute("data-secret",t)),e.contentWindow.postMessage({message:"ready",secret:t},"*")},!1)))}(window,document);
//# sourceURL=https://blogs.diariovasco.com/series-gourmets/wp-includes/js/wp-embed.min.js
</script>

Las adaptaciones de cómics se han convertido en la principal fuente de inspiración para muchas series y miniseries, un fenómeno al que nuestro país no ha sido ajeno con diversas propuestas recientes pero que ninguna ha alcanzado el nivel de calidad de ¡García!, la adaptación de la novela gráfica del mismo nombre escrito por Santiago [&hellip;]
