{"version":"1.0","provider_name":"Sopa de ganso","provider_url":"https:\/\/blogs.diariovasco.com\/sopadeganso","author_name":"I\u00f1igo Galatas","author_url":"https:\/\/blogs.diariovasco.com\/sopadeganso\/author\/masgastronomia\/","title":"Vino de la semana - Amaren Tempranillo 04 - Sopa de ganso","type":"rich","width":600,"height":338,"html":"<blockquote class=\"wp-embedded-content\" data-secret=\"a4LSIKwUAT\"><a href=\"https:\/\/blogs.diariovasco.com\/sopadeganso\/2011\/12\/05\/vino-de-la-semana-amaren-tempranillo-04\/\">Vino de la semana &#8211; Amaren Tempranillo 04<\/a><\/blockquote><iframe sandbox=\"allow-scripts\" security=\"restricted\" src=\"https:\/\/blogs.diariovasco.com\/sopadeganso\/2011\/12\/05\/vino-de-la-semana-amaren-tempranillo-04\/embed\/#?secret=a4LSIKwUAT\" width=\"600\" height=\"338\" title=\"&#8220;Vino de la semana &#8211; Amaren Tempranillo 04&#8221; &#8212; Sopa de ganso\" data-secret=\"a4LSIKwUAT\" frameborder=\"0\" marginwidth=\"0\" marginheight=\"0\" scrolling=\"no\" class=\"wp-embedded-content\"><\/iframe><script>\n\/*! This file is auto-generated *\/\n!function(d,l){\"use strict\";l.querySelector&&d.addEventListener&&\"undefined\"!=typeof URL&&(d.wp=d.wp||{},d.wp.receiveEmbedMessage||(d.wp.receiveEmbedMessage=function(e){var t=e.data;if((t||t.secret||t.message||t.value)&&!\/[^a-zA-Z0-9]\/.test(t.secret)){for(var s,r,n,a=l.querySelectorAll('iframe[data-secret=\"'+t.secret+'\"]'),o=l.querySelectorAll('blockquote[data-secret=\"'+t.secret+'\"]'),c=new RegExp(\"^https?:$\",\"i\"),i=0;i<o.length;i++)o[i].style.display=\"none\";for(i=0;i<a.length;i++)s=a[i],e.source===s.contentWindow&&(s.removeAttribute(\"style\"),\"height\"===t.message?(1e3<(r=parseInt(t.value,10))?r=1e3:~~r<200&&(r=200),s.height=r):\"link\"===t.message&&(r=new URL(s.getAttribute(\"src\")),n=new URL(t.value),c.test(n.protocol))&&n.host===r.host&&l.activeElement===s&&(d.top.location.href=t.value))}},d.addEventListener(\"message\",d.wp.receiveEmbedMessage,!1),l.addEventListener(\"DOMContentLoaded\",function(){for(var e,t,s=l.querySelectorAll(\"iframe.wp-embedded-content\"),r=0;r<s.length;r++)(t=(e=s[r]).getAttribute(\"data-secret\"))||(t=Math.random().toString(36).substring(2,12),e.src+=\"#?secret=\"+t,e.setAttribute(\"data-secret\",t)),e.contentWindow.postMessage({message:\"ready\",secret:t},\"*\")},!1)))}(window,document);\n\/\/# sourceURL=https:\/\/blogs.diariovasco.com\/sopadeganso\/wp-includes\/js\/wp-embed.min.js\n<\/script>\n","description":"Querido Gonzalo; De acuerdo, las cosas no est\u00e1n tan bien como hubieras querido. Ya s\u00e9 que es f\u00e1cil tomar la decisi\u00f3n de ahorrar en los regalos de Navidad, pero me alegro de que hayas tenido en cuenta de que esos regalos tienen un sentido y se llama: Relaciones P\u00fablicas. As\u00ed que podemos estar de acuerdo [&hellip;]"}

Iñigo Galatas

Querido Gonzalo; De acuerdo, las cosas no están tan bien como hubieras querido. Ya sé que es fácil tomar la decisión de ahorrar en los regalos de Navidad, pero me alegro de que hayas tenido en cuenta de que esos regalos tienen un sentido y se llama: Relaciones Públicas. Así que podemos estar de acuerdo [&hellip;]
