{"version":"1.0","provider_name":"El trampol\u00edn de tu vida","provider_url":"https:\/\/blogs.diariovasco.com\/trampolin-vida","author_name":"Ainhoa Cilveti","author_url":"https:\/\/blogs.diariovasco.com\/trampolin-vida\/author\/ainhoa-coach\/","title":"Disfrutar del Verano III - El trampol\u00edn de tu vida","type":"rich","width":600,"height":338,"html":"<blockquote class=\"wp-embedded-content\" data-secret=\"lEWj0Dv1Ge\"><a href=\"https:\/\/blogs.diariovasco.com\/trampolin-vida\/2014\/08\/06\/disfrutar-del-verano-iii\/\">Disfrutar del Verano III<\/a><\/blockquote><iframe sandbox=\"allow-scripts\" security=\"restricted\" src=\"https:\/\/blogs.diariovasco.com\/trampolin-vida\/2014\/08\/06\/disfrutar-del-verano-iii\/embed\/#?secret=lEWj0Dv1Ge\" width=\"600\" height=\"338\" title=\"&#8220;Disfrutar del Verano III&#8221; &#8212; El trampol\u00edn de tu vida\" data-secret=\"lEWj0Dv1Ge\" frameborder=\"0\" marginwidth=\"0\" marginheight=\"0\" scrolling=\"no\" class=\"wp-embedded-content\"><\/iframe><script>\n\/*! This file is auto-generated *\/\n!function(d,l){\"use strict\";l.querySelector&&d.addEventListener&&\"undefined\"!=typeof URL&&(d.wp=d.wp||{},d.wp.receiveEmbedMessage||(d.wp.receiveEmbedMessage=function(e){var t=e.data;if((t||t.secret||t.message||t.value)&&!\/[^a-zA-Z0-9]\/.test(t.secret)){for(var s,r,n,a=l.querySelectorAll('iframe[data-secret=\"'+t.secret+'\"]'),o=l.querySelectorAll('blockquote[data-secret=\"'+t.secret+'\"]'),c=new RegExp(\"^https?:$\",\"i\"),i=0;i<o.length;i++)o[i].style.display=\"none\";for(i=0;i<a.length;i++)s=a[i],e.source===s.contentWindow&&(s.removeAttribute(\"style\"),\"height\"===t.message?(1e3<(r=parseInt(t.value,10))?r=1e3:~~r<200&&(r=200),s.height=r):\"link\"===t.message&&(r=new URL(s.getAttribute(\"src\")),n=new URL(t.value),c.test(n.protocol))&&n.host===r.host&&l.activeElement===s&&(d.top.location.href=t.value))}},d.addEventListener(\"message\",d.wp.receiveEmbedMessage,!1),l.addEventListener(\"DOMContentLoaded\",function(){for(var e,t,s=l.querySelectorAll(\"iframe.wp-embedded-content\"),r=0;r<s.length;r++)(t=(e=s[r]).getAttribute(\"data-secret\"))||(t=Math.random().toString(36).substring(2,12),e.src+=\"#?secret=\"+t,e.setAttribute(\"data-secret\",t)),e.contentWindow.postMessage({message:\"ready\",secret:t},\"*\")},!1)))}(window,document);\n\/\/# sourceURL=https:\/\/blogs.diariovasco.com\/trampolin-vida\/wp-includes\/js\/wp-embed.min.js\n<\/script>\n","description":"Tanto si salimos fuera, como si nos quedamos en casa, el verano es para disfrutarlo, o al menos este es uno de los prop\u00f3sitos de la mayor\u00eda de nosotros. Por lo tanto, para que podamos hacerlo, es importante que nos repartamos las tareas entre todos. Este deber\u00eda ser un prop\u00f3sito de todo el a\u00f1o, aunque [&hellip;]"}

El trampolín de tu vida

Disfrutar del Verano III - El trampolín de tu vida

<blockquote class="wp-embedded-content" data-secret="lEWj0Dv1Ge"><a href="https://blogs.diariovasco.com/trampolin-vida/2014/08/06/disfrutar-del-verano-iii/">Disfrutar del Verano III</a></blockquote><iframe sandbox="allow-scripts" security="restricted" src="https://blogs.diariovasco.com/trampolin-vida/2014/08/06/disfrutar-del-verano-iii/embed/#?secret=lEWj0Dv1Ge" width="600" height="338" title="&#8220;Disfrutar del Verano III&#8221; &#8212; El trampolín de tu vida" data-secret="lEWj0Dv1Ge" frameborder="0" marginwidth="0" marginheight="0" scrolling="no" class="wp-embedded-content"></iframe><script>
/*! This file is auto-generated */
!function(d,l){"use strict";l.querySelector&&d.addEventListener&&"undefined"!=typeof URL&&(d.wp=d.wp||{},d.wp.receiveEmbedMessage||(d.wp.receiveEmbedMessage=function(e){var t=e.data;if((t||t.secret||t.message||t.value)&&!/[^a-zA-Z0-9]/.test(t.secret)){for(var s,r,n,a=l.querySelectorAll('iframe[data-secret="'+t.secret+'"]'),o=l.querySelectorAll('blockquote[data-secret="'+t.secret+'"]'),c=new RegExp("^https?:$","i"),i=0;i<o.length;i++)o[i].style.display="none";for(i=0;i<a.length;i++)s=a[i],e.source===s.contentWindow&&(s.removeAttribute("style"),"height"===t.message?(1e3<(r=parseInt(t.value,10))?r=1e3:~~r<200&&(r=200),s.height=r):"link"===t.message&&(r=new URL(s.getAttribute("src")),n=new URL(t.value),c.test(n.protocol))&&n.host===r.host&&l.activeElement===s&&(d.top.location.href=t.value))}},d.addEventListener("message",d.wp.receiveEmbedMessage,!1),l.addEventListener("DOMContentLoaded",function(){for(var e,t,s=l.querySelectorAll("iframe.wp-embedded-content"),r=0;r<s.length;r++)(t=(e=s[r]).getAttribute("data-secret"))||(t=Math.random().toString(36).substring(2,12),e.src+="#?secret="+t,e.setAttribute("data-secret",t)),e.contentWindow.postMessage({message:"ready",secret:t},"*")},!1)))}(window,document);
//# sourceURL=https://blogs.diariovasco.com/trampolin-vida/wp-includes/js/wp-embed.min.js
</script>

Tanto si salimos fuera, como si nos quedamos en casa, el verano es para disfrutarlo, o al menos este es uno de los propósitos de la mayoría de nosotros. Por lo tanto, para que podamos hacerlo, es importante que nos repartamos las tareas entre todos. Este debería ser un propósito de todo el año, aunque [&hellip;]
