{"version":"1.0","provider_name":"El trampol\u00edn de tu vida","provider_url":"https:\/\/blogs.diariovasco.com\/trampolin-vida","author_name":"Ainhoa Cilveti","author_url":"https:\/\/blogs.diariovasco.com\/trampolin-vida\/author\/ainhoa-coach\/","title":"Vuelta de vacaciones - El trampol\u00edn de tu vida","type":"rich","width":600,"height":338,"html":"<blockquote class=\"wp-embedded-content\" data-secret=\"XGGqYGZcR4\"><a href=\"https:\/\/blogs.diariovasco.com\/trampolin-vida\/2014\/09\/03\/vuelta-de-vacaciones\/\">Vuelta de vacaciones<\/a><\/blockquote><iframe sandbox=\"allow-scripts\" security=\"restricted\" src=\"https:\/\/blogs.diariovasco.com\/trampolin-vida\/2014\/09\/03\/vuelta-de-vacaciones\/embed\/#?secret=XGGqYGZcR4\" width=\"600\" height=\"338\" title=\"&#8220;Vuelta de vacaciones&#8221; &#8212; El trampol\u00edn de tu vida\" data-secret=\"XGGqYGZcR4\" frameborder=\"0\" marginwidth=\"0\" marginheight=\"0\" scrolling=\"no\" class=\"wp-embedded-content\"><\/iframe><script>\n\/*! This file is auto-generated *\/\n!function(d,l){\"use strict\";l.querySelector&&d.addEventListener&&\"undefined\"!=typeof URL&&(d.wp=d.wp||{},d.wp.receiveEmbedMessage||(d.wp.receiveEmbedMessage=function(e){var t=e.data;if((t||t.secret||t.message||t.value)&&!\/[^a-zA-Z0-9]\/.test(t.secret)){for(var s,r,n,a=l.querySelectorAll('iframe[data-secret=\"'+t.secret+'\"]'),o=l.querySelectorAll('blockquote[data-secret=\"'+t.secret+'\"]'),c=new RegExp(\"^https?:$\",\"i\"),i=0;i<o.length;i++)o[i].style.display=\"none\";for(i=0;i<a.length;i++)s=a[i],e.source===s.contentWindow&&(s.removeAttribute(\"style\"),\"height\"===t.message?(1e3<(r=parseInt(t.value,10))?r=1e3:~~r<200&&(r=200),s.height=r):\"link\"===t.message&&(r=new URL(s.getAttribute(\"src\")),n=new URL(t.value),c.test(n.protocol))&&n.host===r.host&&l.activeElement===s&&(d.top.location.href=t.value))}},d.addEventListener(\"message\",d.wp.receiveEmbedMessage,!1),l.addEventListener(\"DOMContentLoaded\",function(){for(var e,t,s=l.querySelectorAll(\"iframe.wp-embedded-content\"),r=0;r<s.length;r++)(t=(e=s[r]).getAttribute(\"data-secret\"))||(t=Math.random().toString(36).substring(2,12),e.src+=\"#?secret=\"+t,e.setAttribute(\"data-secret\",t)),e.contentWindow.postMessage({message:\"ready\",secret:t},\"*\")},!1)))}(window,document);\n\/\/# sourceURL=https:\/\/blogs.diariovasco.com\/trampolin-vida\/wp-includes\/js\/wp-embed.min.js\n<\/script>\n","description":"Esta semana estamos escuchando en todos los medios de comunicaci\u00f3n lo deprimidos que podemos estar muchos por volver a la rutina tras las vacaciones. Imagino, que este a\u00f1o teniendo en cuenta la situaci\u00f3n econ\u00f3mica del pa\u00eds, lo tendr\u00e1n en cuenta para no herir la susceptibilidad de todos los que no tienen trabajo al que volver, [&hellip;]"}

El trampolín de tu vida

Vuelta de vacaciones - El trampolín de tu vida

<blockquote class="wp-embedded-content" data-secret="XGGqYGZcR4"><a href="https://blogs.diariovasco.com/trampolin-vida/2014/09/03/vuelta-de-vacaciones/">Vuelta de vacaciones</a></blockquote><iframe sandbox="allow-scripts" security="restricted" src="https://blogs.diariovasco.com/trampolin-vida/2014/09/03/vuelta-de-vacaciones/embed/#?secret=XGGqYGZcR4" width="600" height="338" title="&#8220;Vuelta de vacaciones&#8221; &#8212; El trampolín de tu vida" data-secret="XGGqYGZcR4" frameborder="0" marginwidth="0" marginheight="0" scrolling="no" class="wp-embedded-content"></iframe><script>
/*! This file is auto-generated */
!function(d,l){"use strict";l.querySelector&&d.addEventListener&&"undefined"!=typeof URL&&(d.wp=d.wp||{},d.wp.receiveEmbedMessage||(d.wp.receiveEmbedMessage=function(e){var t=e.data;if((t||t.secret||t.message||t.value)&&!/[^a-zA-Z0-9]/.test(t.secret)){for(var s,r,n,a=l.querySelectorAll('iframe[data-secret="'+t.secret+'"]'),o=l.querySelectorAll('blockquote[data-secret="'+t.secret+'"]'),c=new RegExp("^https?:$","i"),i=0;i<o.length;i++)o[i].style.display="none";for(i=0;i<a.length;i++)s=a[i],e.source===s.contentWindow&&(s.removeAttribute("style"),"height"===t.message?(1e3<(r=parseInt(t.value,10))?r=1e3:~~r<200&&(r=200),s.height=r):"link"===t.message&&(r=new URL(s.getAttribute("src")),n=new URL(t.value),c.test(n.protocol))&&n.host===r.host&&l.activeElement===s&&(d.top.location.href=t.value))}},d.addEventListener("message",d.wp.receiveEmbedMessage,!1),l.addEventListener("DOMContentLoaded",function(){for(var e,t,s=l.querySelectorAll("iframe.wp-embedded-content"),r=0;r<s.length;r++)(t=(e=s[r]).getAttribute("data-secret"))||(t=Math.random().toString(36).substring(2,12),e.src+="#?secret="+t,e.setAttribute("data-secret",t)),e.contentWindow.postMessage({message:"ready",secret:t},"*")},!1)))}(window,document);
//# sourceURL=https://blogs.diariovasco.com/trampolin-vida/wp-includes/js/wp-embed.min.js
</script>

Esta semana estamos escuchando en todos los medios de comunicación lo deprimidos que podemos estar muchos por volver a la rutina tras las vacaciones. Imagino, que este año teniendo en cuenta la situación económica del país, lo tendrán en cuenta para no herir la susceptibilidad de todos los que no tienen trabajo al que volver, [&hellip;]
