{"version":"1.0","provider_name":"El trampol\u00edn de tu vida","provider_url":"https:\/\/blogs.diariovasco.com\/trampolin-vida","author_name":"Ainhoa Cilveti","author_url":"https:\/\/blogs.diariovasco.com\/trampolin-vida\/author\/ainhoa-coach\/","title":"Los Perfiles en las Redes Sociales - El trampol\u00edn de tu vida","type":"rich","width":600,"height":338,"html":"<blockquote class=\"wp-embedded-content\" data-secret=\"UJxe1yIREq\"><a href=\"https:\/\/blogs.diariovasco.com\/trampolin-vida\/2014\/10\/29\/los-perfiles-en-las-redes-sociales\/\">Los Perfiles en las Redes Sociales<\/a><\/blockquote><iframe sandbox=\"allow-scripts\" security=\"restricted\" src=\"https:\/\/blogs.diariovasco.com\/trampolin-vida\/2014\/10\/29\/los-perfiles-en-las-redes-sociales\/embed\/#?secret=UJxe1yIREq\" width=\"600\" height=\"338\" title=\"&#8220;Los Perfiles en las Redes Sociales&#8221; &#8212; El trampol\u00edn de tu vida\" data-secret=\"UJxe1yIREq\" frameborder=\"0\" marginwidth=\"0\" marginheight=\"0\" scrolling=\"no\" class=\"wp-embedded-content\"><\/iframe><script>\n\/*! This file is auto-generated *\/\n!function(d,l){\"use strict\";l.querySelector&&d.addEventListener&&\"undefined\"!=typeof URL&&(d.wp=d.wp||{},d.wp.receiveEmbedMessage||(d.wp.receiveEmbedMessage=function(e){var t=e.data;if((t||t.secret||t.message||t.value)&&!\/[^a-zA-Z0-9]\/.test(t.secret)){for(var s,r,n,a=l.querySelectorAll('iframe[data-secret=\"'+t.secret+'\"]'),o=l.querySelectorAll('blockquote[data-secret=\"'+t.secret+'\"]'),c=new RegExp(\"^https?:$\",\"i\"),i=0;i<o.length;i++)o[i].style.display=\"none\";for(i=0;i<a.length;i++)s=a[i],e.source===s.contentWindow&&(s.removeAttribute(\"style\"),\"height\"===t.message?(1e3<(r=parseInt(t.value,10))?r=1e3:~~r<200&&(r=200),s.height=r):\"link\"===t.message&&(r=new URL(s.getAttribute(\"src\")),n=new URL(t.value),c.test(n.protocol))&&n.host===r.host&&l.activeElement===s&&(d.top.location.href=t.value))}},d.addEventListener(\"message\",d.wp.receiveEmbedMessage,!1),l.addEventListener(\"DOMContentLoaded\",function(){for(var e,t,s=l.querySelectorAll(\"iframe.wp-embedded-content\"),r=0;r<s.length;r++)(t=(e=s[r]).getAttribute(\"data-secret\"))||(t=Math.random().toString(36).substring(2,12),e.src+=\"#?secret=\"+t,e.setAttribute(\"data-secret\",t)),e.contentWindow.postMessage({message:\"ready\",secret:t},\"*\")},!1)))}(window,document);\n\/\/# sourceURL=https:\/\/blogs.diariovasco.com\/trampolin-vida\/wp-includes\/js\/wp-embed.min.js\n<\/script>\n","description":"Hace unos d\u00edas asist\u00ed a un curso sobre c\u00f3mo crear un perfil en una red social para profesionales. Lo primero que me di cuenta, fue que llevaba mucho tiempo habiendo creado mi perfil sin haberme ocupado de \u00e9l, lo que ya implicaba que estaba gestionando mal esta actividad. Cuando me dijeron que el taller iba [&hellip;]"}

El trampolín de tu vida

Los Perfiles en las Redes Sociales - El trampolín de tu vida

<blockquote class="wp-embedded-content" data-secret="UJxe1yIREq"><a href="https://blogs.diariovasco.com/trampolin-vida/2014/10/29/los-perfiles-en-las-redes-sociales/">Los Perfiles en las Redes Sociales</a></blockquote><iframe sandbox="allow-scripts" security="restricted" src="https://blogs.diariovasco.com/trampolin-vida/2014/10/29/los-perfiles-en-las-redes-sociales/embed/#?secret=UJxe1yIREq" width="600" height="338" title="&#8220;Los Perfiles en las Redes Sociales&#8221; &#8212; El trampolín de tu vida" data-secret="UJxe1yIREq" frameborder="0" marginwidth="0" marginheight="0" scrolling="no" class="wp-embedded-content"></iframe><script>
/*! This file is auto-generated */
!function(d,l){"use strict";l.querySelector&&d.addEventListener&&"undefined"!=typeof URL&&(d.wp=d.wp||{},d.wp.receiveEmbedMessage||(d.wp.receiveEmbedMessage=function(e){var t=e.data;if((t||t.secret||t.message||t.value)&&!/[^a-zA-Z0-9]/.test(t.secret)){for(var s,r,n,a=l.querySelectorAll('iframe[data-secret="'+t.secret+'"]'),o=l.querySelectorAll('blockquote[data-secret="'+t.secret+'"]'),c=new RegExp("^https?:$","i"),i=0;i<o.length;i++)o[i].style.display="none";for(i=0;i<a.length;i++)s=a[i],e.source===s.contentWindow&&(s.removeAttribute("style"),"height"===t.message?(1e3<(r=parseInt(t.value,10))?r=1e3:~~r<200&&(r=200),s.height=r):"link"===t.message&&(r=new URL(s.getAttribute("src")),n=new URL(t.value),c.test(n.protocol))&&n.host===r.host&&l.activeElement===s&&(d.top.location.href=t.value))}},d.addEventListener("message",d.wp.receiveEmbedMessage,!1),l.addEventListener("DOMContentLoaded",function(){for(var e,t,s=l.querySelectorAll("iframe.wp-embedded-content"),r=0;r<s.length;r++)(t=(e=s[r]).getAttribute("data-secret"))||(t=Math.random().toString(36).substring(2,12),e.src+="#?secret="+t,e.setAttribute("data-secret",t)),e.contentWindow.postMessage({message:"ready",secret:t},"*")},!1)))}(window,document);
//# sourceURL=https://blogs.diariovasco.com/trampolin-vida/wp-includes/js/wp-embed.min.js
</script>

Hace unos días asistí a un curso sobre cómo crear un perfil en una red social para profesionales. Lo primero que me di cuenta, fue que llevaba mucho tiempo habiendo creado mi perfil sin haberme ocupado de él, lo que ya implicaba que estaba gestionando mal esta actividad. Cuando me dijeron que el taller iba [&hellip;]
